000
CXUS53 KGRR 011824
CLMBIV

CLIMATE REPORT
NATIONAL WEATHER SERVICE GRAND RAPIDS, MICHIGAN
124 PM EST TUE DEC 01 2020

...................................

...THE HOLLAND CLIMATE SUMMARY FOR THE MONTH OF NOVEMBER 2020...

CLIMATE NORMAL PERIOD: 1981 TO 2010
CLIMATE RECORD PERIOD: 1905 TO 2020

WEATHER         OBSERVED          NORMAL  DEPART   LAST YEAR`S
                VALUE   DATE(S)   VALUE   FROM     VALUE DATE(S)
                                          NORMAL
................................................................
TEMPERATURE (F)
HIGHEST           77   11/09         MM      MM       55  11/27
LOWEST            24   11/24         MM      MM       14  11/13
AVG. MAXIMUM    53.6               48.6     5.0     40.8
AVG. MINIMUM    37.7               34.9     2.8     30.3
MEAN            45.7               41.7     4.0     35.6
DAYS MAX >= 90     0                0.0     0.0        0
DAYS MAX <= 32     0                1.1    -1.1        4
DAYS MIN <= 32    10               11.4    -1.4       16
DAYS MIN <= 0      0                0.0     0.0        0

PRECIPITATION (INCHES)
TOTALS          2.10               3.46   -1.36     1.98
DAILY AVG.      0.07               0.12   -0.05     0.07
DAYS >= .01        8                 MM      MM       13
DAYS >= .10        5                 MM      MM        5
DAYS >= .50        1                 MM      MM        1
DAYS >= 1.00       0                 MM      MM        0
GREATEST
 24 HR. TOTAL   0.70   11/10 TO 11/10


DEGREE DAYS
HEATING TOTAL    577                698    -121      874
 SINCE 7/1      1192               1222     -30     1362
COOLING TOTAL      4                  0       4        0
 SINCE 1/1       796                693     103      689
................................................................

WIND (MPH)
AVERAGE WIND SPEED              11.4
RESULTANT WIND SPEED/DIRECTION   7/230
HIGHEST WIND SPEED/DIRECTION    39/260    DATE  11/15
HIGHEST GUST SPEED/DIRECTION    56/260    DATE  11/15

SKY COVER
POSSIBLE SUNSHINE (PERCENT)   MM
AVERAGE SKY COVER           0.47
NUMBER OF DAYS FAIR           15
NUMBER OF DAYS PC              3
NUMBER OF DAYS CLOUDY         12

AVERAGE RH (PERCENT)     65

WEATHER CONDITIONS. NUMBER OF DAYS WITH
THUNDERSTORM              2     MIXED PRECIP               0
HEAVY RAIN                3     RAIN                       5
LIGHT RAIN               10     FREEZING RAIN              0
LT FREEZING RAIN          0     HAIL                       0
HEAVY SNOW                0     SNOW                       0
LIGHT SNOW                5     SLEET                      0
FOG                       9     FOG W/VIS <= 1/4 MILE      0
HAZE                      2

-  INDICATES NEGATIVE NUMBERS.
R  INDICATES RECORD WAS SET OR TIED.
MM INDICATES DATA IS MISSING.
T  INDICATES TRACE AMOUNT.

$$
