000
CXUS51 KRNK 010625
CLMBLF

CLIMATE REPORT
NATIONAL WEATHER SERVICE BLACKSBURG, VA
125 AM EST TUE DEC 01 2020

...................................

...THE BLUEFIELD WV CLIMATE SUMMARY FOR THE MONTH OF NOVEMBER 2020...

CLIMATE NORMAL PERIOD: 1981 TO 2010
CLIMATE RECORD PERIOD: 1909 TO 2020

WEATHER         OBSERVED          NORMAL  DEPART   LAST YEAR`S
                VALUE   DATE(S)   VALUE   FROM     VALUE
                                          NORMAL
..............................................................
TEMPERATURE (F)
RECORD
 HIGH             81   11/14/1993
 LOW               6   11/13/2019
HIGHEST           71   11/07                          63
LOWEST            23   11/18                           6
AVG. MAXIMUM    57.4               55.6     1.8     48.9
AVG. MINIMUM    38.5               38.6    -0.1     29.8
MEAN            48.0               47.1     0.9     39.3
DAYS MAX >= 90     0                0.0     0.0        0
DAYS MAX <= 32     0                0.8    -0.8        0
DAYS MIN <= 32    10                8.3     1.7       18
DAYS MIN <= 0      0                0.0     0.0        0

PRECIPITATION (INCHES)
RECORD
 MAXIMUM        5.63   1985
 MINIMUM        0.46   2001
TOTALS          2.54               2.69   -0.15     2.06
DAYS >= .01        7               11.0    -4.0        7
DAYS >= .10        4                5.9    -1.9        6
DAYS >= .50        1                1.6    -0.6        1
DAYS >= 1.00       1                0.4     0.6        1
GREATEST
 24 HR. TOTAL   1.60                                1.07

SNOWFALL (INCHES)
TOTALS           0.2                                 1.2
DAYS >= TRACE      4                                   5
DAYS >= 1.0        0                                   1
GREATEST
 24 HR TOTAL      MM                                 1.2

DEGREE DAYS
HEATING TOTAL    502                539     -37      762
COOLING TOTAL      0                  2      -2        0
..............................................................

WIND (MPH)
AVERAGE WIND SPEED              7.0
RESULTANT WIND SPEED/DIRECTION   3/250
HIGHEST WIND SPEED/DIRECTION    36/240    DATE  11/15
HIGHEST GUST SPEED/DIRECTION    50/250    DATE  11/15

SKY COVER
AVERAGE SKY COVER           0.28

AVERAGE RH (PERCENT)     66

WEATHER CONDITIONS. NUMBER OF DAYS WITH
THUNDERSTORM              1     MIXED PRECIP               0
HEAVY RAIN                1     RAIN                       5
LIGHT RAIN                9     FREEZING RAIN              0
LT FREEZING RAIN          0     HAIL                       0
HEAVY SNOW                0     SNOW                       0
LIGHT SNOW                4     SLEET                      0
FOG                      10     FOG W/VIS <= 1/4 MILE      3
HAZE                      0

-  INDICATES NEGATIVE NUMBERS.
R  INDICATES RECORD WAS SET OR TIED.
MM INDICATES DATA IS MISSING.
T  INDICATES TRACE AMOUNT.

$$
