000
CXUS53 KIND 011616
CLMBMG

CLIMATE REPORT
NATIONAL WEATHER SERVICE INDIANAPOLIS IN
1116 AM EST SUN NOV 01 2020

...................................

...THE BLOOMINGTON IN CLIMATE SUMMARY FOR THE MONTH OF OCTOBER 2020...

CLIMATE NORMAL PERIOD 1981 TO 2010
CLIMATE RECORD PERIOD 9999 TO 9999

WEATHER         OBSERVED          NORMAL  DEPART   LAST YEAR`S
                VALUE   DATE(S)   VALUE   FROM     VALUE DATE(S)
                                          NORMAL
................................................................
TEMPERATURE (F)
HIGHEST           89   10/07                          93  10/01
LOWEST            29R  10/16                          29  10/31
AVG. MAXIMUM    68.2               67.1     1.1     67.7
AVG. MINIMUM    43.9               42.2     1.7     44.9
MEAN            56.0               54.6     1.4     56.3
DAYS MAX >= 90     0                0.1    -0.1        2
DAYS MAX <= 32     0                0.0     0.0        0
DAYS MIN <= 32     5                4.5     0.5        2
DAYS MIN <= 0      0                0.0     0.0        0

PRECIPITATION (INCHES)
TOTALS          4.22               3.53    0.69     4.76
DAILY AVG.      0.14               0.11    0.03     0.15
DAYS >= .01       11                 MM      MM        8
DAYS >= .10        5                 MM      MM        6
DAYS >= .50        2                 MM      MM        4
DAYS >= 1.00       2                 MM      MM        1
GREATEST
 24 HR. TOTAL   2.11   10/28 TO 10/29


DEGREE DAYS
HEATING TOTAL    299                334     -35      297
 SINCE 7/1       344                419     -75      299
COOLING TOTAL     28                 13      15       37
 SINCE 1/1      1212                926     286     1239
................................................................

WIND (MPH)
AVERAGE WIND SPEED              5.6
HIGHEST WIND SPEED/DIRECTION    24/190    DATE  10/14
HIGHEST GUST SPEED/DIRECTION    38/290    DATE  10/12

SKY COVER
POSSIBLE SUNSHINE (PERCENT)   MM
AVERAGE SKY COVER           0.49
NUMBER OF DAYS FAIR           13
NUMBER OF DAYS PC              8
NUMBER OF DAYS CLOUDY         10

AVERAGE RH (PERCENT)     67

WEATHER CONDITIONS. NUMBER OF DAYS WITH
THUNDERSTORM              1     MIXED PRECIP               0
HEAVY RAIN                3     RAIN                       7
LIGHT RAIN               15     FREEZING RAIN              0
LT FREEZING RAIN          0     HAIL                       0
HEAVY SNOW                0     SNOW                       0
LIGHT SNOW                0     SLEET                      0
FOG                      16     FOG W/VIS <= 1/4 MILE      6
HAZE                      9

-  INDICATES NEGATIVE NUMBERS.
R  INDICATES RECORD WAS SET OR TIED.
MM INDICATES DATA IS MISSING.
T  INDICATES TRACE AMOUNT.

$$
