000
CXUS54 KOHX 021607
CLMBNA


CLIMATE REPORT
NATIONAL WEATHER SERVICE NASHVILLE TN
1007 AM CST MON NOV 2 2020

...................................

...THE NASHVILLE CLIMATE SUMMARY FOR THE MONTH OF OCTOBER 2020...

CLIMATE NORMAL PERIOD 1981 TO 2010
CLIMATE RECORD PERIOD 1871 TO 2020

WEATHER         OBSERVED          NORMAL  DEPART  LAST YEAR`S
                 VALUE   DATE(S)  VALUE   FROM    VALUE
                                          NORMAL
.............................................................
TEMPERATURE (F)
RECORD
 HIGH              99   10/03/2019
                        10/02/2019
                        09/05/1954
 LOW               26   10/22/1987
                        10/30/1952
                        10/29/1925
HIGHEST            86   10/22
LOWEST             38   10/17
AVG. MAXIMUM     73.0              71.7     1.3
AVG. MINIMUM     51.8              48.9     2.9
MEAN             62.4              60.3     2.1     63.7
DAYS MAX >= 90      0
DAYS MAX <= 32      0
DAYS MIN <= 32      0
DAYS MIN <= 0       0

PRECIPITATION (INCHES)
RECORD
 MAXIMUM         8.43   2014
 MINIMUM            T   1963
TOTALS           3.51              3.04    0.47
DAYS >= .01        11
DAYS >= .10         7
DAYS >= .50         3
DAYS >= 1.00        1
GREATEST
 24 HR. TOTAL    1.15   10/10 TO 10/10

SNOWFALL (INCHES)
TOTALS            0.0                 T     0.0
SINCE 7/1         0.0                       0.0
DAYS >= TRACE       0
DAYS >= 1.0         0

DEGREE_DAYS
HEATING TOTAL     130               191     -61
 SINCE 7/1        140               215     -75
COOLING TOTAL      56                46      10
 SINCE 1/1       1912              1640     272
..............................................................

WIND (MPH)
AVERAGE WIND SPEED              5.6
HIGHEST GUST SPEED/DIRECTION    31/220    DATE  10/29

SKY COVER
POSSIBLE SUNSHINE (PERCENT)   MM
AVERAGE SKY COVER           0.50
NUMBER OF DAYS FAIR           14
NUMBER OF DAYS PC              5
NUMBER OF DAYS CLOUDY         12

AVERAGE RH (PERCENT)     69

WEATHER CONDITIONS. NUMBER OF DAYS WITH
  0
  5
  0
  0
  0
  0
  3
HAZE                      8

-  INDICATES NEGATIVE NUMBERS.
R  INDICATES RECORD WAS SET OR TIED.
MM INDICATES DATA IS MISSING.
T  INDICATES TRACE AMOUNT.

$$
