000
CXUS56 KBOI 011740
CLMBNO

CLIMATE REPORT
NATIONAL WEATHER SERVICE BOISE ID
1040 AM MST SUN NOV 01 2020

...................................

...THE BURNS OR CLIMATE SUMMARY FOR THE MONTH OF OCTOBER 2020...

CLIMATE NORMAL PERIOD 1981 TO 2010
CLIMATE RECORD PERIOD 1938 TO 2020

WEATHER         OBSERVED          NORMAL  DEPART   LAST YEAR`S
                VALUE   DATE(S)   VALUE   FROM     VALUE
                                          NORMAL
..............................................................
TEMPERATURE (F)
HIGHEST           88   10/01         MM      MM
                       10/02
LOWEST             3   10/26         MM      MM
AVG. MAXIMUM    68.4               61.8     6.6
AVG. MINIMUM    25.7               27.5    -1.8
MEAN            47.1               44.7     2.4
DAYS MAX >= 90     0
DAYS MAX <= 32     0
DAYS MIN <= 32    23
DAYS MIN <= 0      0

PRECIPITATION (INCHES)
RECORD
 MAXIMUM        2.51   1940
TOTALS          0.02               0.78   -0.76
DAYS >= .01        1
DAYS >= .10        0
DAYS >= .50        0
DAYS >= 1.00       0
GREATEST
 24 HR. TOTAL   0.02   10/24 TO 10/24


DEGREE DAYS
HEATING TOTAL    547                631     -84
 SINCE 7/1       770               1051    -281
COOLING TOTAL      0                  0       0
 SINCE 1/1       369                215     154
..............................................................

WIND (MPH)
AVERAGE WIND SPEED              6.3
HIGHEST WIND SPEED/DIRECTION    33/250    DATE  10/13
HIGHEST GUST SPEED/DIRECTION    45/250    DATE  10/13

AVERAGE RH (PERCENT)     49


-  INDICATES NEGATIVE NUMBERS.
R  INDICATES RECORD WAS SET OR TIED.
MM INDICATES DATA IS MISSING.
T  INDICATES TRACE AMOUNT.

$$
