552
CXUS53 KDLH 032256
CLMBRD

CLIMATE REPORT
NATIONAL WEATHER SERVICE DULUTH MN
556 PM CDT THU JUN 03 2021

...................................

...THE BRAINERD CLIMATE SUMMARY FOR THE MONTH OF MAY 2021...

CLIMATE NORMAL PERIOD: 1991 TO 2020
CLIMATE RECORD PERIOD: 1899 TO 2021

WEATHER         OBSERVED          NORMAL  DEPART   LAST YEAR`S
                VALUE   DATE(S)   VALUE   FROM     VALUE DATE(S)
                                          NORMAL
................................................................
TEMPERATURE (F)
RECORD
 HIGH            101   05/31/1934
 LOW              16   05/04/1967
                       05/03/1967
HIGHEST           89   05/01         MM      MM       85  05/27
LOWEST            27   05/08         MM      MM       25  05/12
                       05/11
AVG. MAXIMUM    69.3               67.9     1.4     65.9
AVG. MINIMUM    43.1               42.7     0.4     44.5
MEAN            56.2               55.3     0.9     55.2
DAYS MAX >= 90     0                0.6    -0.6        0
DAYS MAX <= 32     0                0.0     0.0        0
DAYS MIN <= 32     8                2.9     5.1        4
DAYS MIN <= 0      0                0.0     0.0        0

PRECIPITATION (INCHES)
RECORD
 MAXIMUM       10.39   1912
 MINIMUM        0.27   2021
TOTALS          0.27R              3.27   -3.00     0.80
DAILY AVG.      0.01               0.11   -0.10     0.03
DAYS >= .01        5               11.3    -6.3        6
DAYS >= .10        1                6.3    -5.3        2
DAYS >= .50        0                2.4    -2.4        0
DAYS >= 1.00       0                0.8    -0.8        0
GREATEST
 24 HR. TOTAL   0.15   05/19 TO 05/20

SNOWFALL (INCHES)
RECORDS
 TOTAL           1.0   2017
TOTALS            MM                 MM      MM      0.8
SINCE 7/1         MM                 MM      MM       MM
SNOWDEPTH AVG.    MM                                  MM
DAYS >= 1.0       MM                 MM      MM       MM
GREATEST
 SNOW DEPTH       MM                                  MM  MM
 24 HR TOTAL      MM

DEGREE DAYS
HEATING TOTAL    311                320      -9      313
 SINCE 7/1      8283               8614    -331       MM
COOLING TOTAL     42                 19      23       17
 SINCE 1/1        42                 20      22       MM
................................................................

WIND (MPH)
AVERAGE WIND SPEED              7.7
HIGHEST WIND SPEED/DIRECTION    33/240    DATE  05/25
HIGHEST GUST SPEED/DIRECTION    46/280    DATE  05/25

SKY COVER
POSSIBLE SUNSHINE (PERCENT)   MM
AVERAGE SKY COVER           0.39
NUMBER OF DAYS FAIR           13
NUMBER OF DAYS PC             14
NUMBER OF DAYS CLOUDY          4

AVERAGE RH (PERCENT)     57

WEATHER CONDITIONS. NUMBER OF DAYS WITH
THUNDERSTORM              1     MIXED PRECIP               0
HEAVY RAIN                1     RAIN                       1
LIGHT RAIN                8     FREEZING RAIN              0
LT FREEZING RAIN          0     HAIL                       0
HEAVY SNOW                0     SNOW                       0
LIGHT SNOW                0     SLEET                      0
FOG                      11     FOG W/VIS <= 1/4 MILE      4
HAZE                      5

-  INDICATES NEGATIVE NUMBERS.
R  INDICATES RECORD WAS SET OR TIED.
MM INDICATES DATA IS MISSING.
T  INDICATES TRACE AMOUNT.

$$
