000
CXUS53 KDLH 020328
CLMBRD

CLIMATE REPORT
NATIONAL WEATHER SERVICE DULUTH MN
1004 PM CST SUN NOV 01 2020

...................................

...THE BRAINERD CLIMATE SUMMARY FOR THE MONTH OF OCTOBER 2020...

CLIMATE NORMAL PERIOD: 1981 TO 2010
CLIMATE RECORD PERIOD: 1899 TO 2020

WEATHER         OBSERVED          NORMAL  DEPART   LAST YEAR`S
                VALUE   DATE(S)   VALUE   FROM     VALUE DATE(S)
                                          NORMAL
................................................................
TEMPERATURE (F)
RECORD
 HIGH             88   10/02/1992
 LOW               4   10/27/1976
HIGHEST           82   10/09         MM      MM       75  10/09
LOWEST            11   10/27         MM      MM       20  10/30
AVG. MAXIMUM    47.9               55.3    -7.4     52.4
AVG. MINIMUM    30.5               35.7    -5.2     37.6
MEAN            39.2               45.5    -6.3     45.0
DAYS MAX >= 90     0                0.0     0.0        0
DAYS MAX <= 32     5                0.3     4.7        0
DAYS MIN <= 32    21               10.6    10.4        9
DAYS MIN <= 0      0                0.0     0.0        0

PRECIPITATION (INCHES)
RECORD
 MAXIMUM        7.06   1984
 MINIMUM        0.18   1964
TOTALS          2.26               2.93   -0.67     4.30
DAILY AVG.      0.08               0.09   -0.01     0.14
DAYS >= .01       11                8.9     2.1       11
DAYS >= .10        5                5.2    -0.2        6
DAYS >= .50        2                1.7     0.3        2
DAYS >= 1.00       1                0.8     0.2        2
GREATEST
 24 HR. TOTAL   1.11   10/11 TO 10/12

SNOWFALL (INCHES)
RECORDS
 TOTAL           3.5   1992
TOTALS            MM                0.4      MM      0.7
SINCE 7/1         MM                0.4      MM       MM
SNOWDEPTH AVG.    MM                                   0
DAYS >= 1.0       MM                0.4      MM        0
GREATEST
 SNOW DEPTH       MM                                   0  MM
 24 HR TOTAL      MM

DEGREE DAYS
HEATING TOTAL    795                606     189      613
 SINCE 7/1      1074                901     173      786
COOLING TOTAL      3                  1       2        1
 SINCE 1/1       645                422     223      485
................................................................

WIND (MPH)
AVERAGE WIND SPEED              8.5
HIGHEST WIND SPEED/DIRECTION    32/320    DATE  10/31
HIGHEST GUST SPEED/DIRECTION    46/280    DATE  10/31

SKY COVER
POSSIBLE SUNSHINE (PERCENT)   MM
AVERAGE SKY COVER           0.55
NUMBER OF DAYS FAIR           12
NUMBER OF DAYS PC              7
NUMBER OF DAYS CLOUDY         12

AVERAGE RH (PERCENT)     67

WEATHER CONDITIONS. NUMBER OF DAYS WITH
THUNDERSTORM              1     MIXED PRECIP               0
HEAVY RAIN                2     RAIN                       3
LIGHT RAIN                8     FREEZING RAIN              0
LT FREEZING RAIN          0     HAIL                       0
HEAVY SNOW                1     SNOW                       2
LIGHT SNOW               11     SLEET                      0
FOG                      16     FOG W/VIS <= 1/4 MILE      4
HAZE                      7

-  INDICATES NEGATIVE NUMBERS.
R  INDICATES RECORD WAS SET OR TIED.
MM INDICATES DATA IS MISSING.
T  INDICATES TRACE AMOUNT.

$$
