000
CXUS44 KBRO 010837
CLMBRO


CLIMATE REPORT
NATIONAL WEATHER SERVICE BROWNSVILLE TX
232 AM CST SUN NOV 1 2020

...................................

...THE BROWNSVILLE CLIMATE SUMMARY FOR THE MONTH OF OCTOBER 2020...

CLIMATE NORMAL PERIOD 1981 TO 2010
CLIMATE RECORD PERIOD 1878 TO 2020

WEATHER         OBSERVED          NORMAL  DEPART  LAST YEAR`S
                 VALUE   DATE(S)  VALUE   FROM    VALUE  DATE(S)
                                          NORMAL
................................................................
TEMPERATURE (F)
HIGHEST            95   10/23        92       3       96  10/11
                        10/10
                        10/09
LOWEST             47   10/28        52      -5       49  10/31
AVG. MAXIMUM     88.2              85.7     2.5     87.1
AVG. MINIMUM     67.2              66.9     0.3     68.0
MEAN             77.7              76.3     1.4     77.6
DAYS MAX >= 90     17               6.0    11.0       18
DAYS MAX <= 32      0               0.0     0.0        0
DAYS MIN <= 32      0               0.0     0.0        0
DAYS MIN <= 0       0               0.0     0.0        0

PRECIPITATION (INCHES)
TOTALS           0.06              3.74   -3.68     3.38
DAILY AVG.       0.00              0.12   -0.12     0.11
DAYS >= .01         3               7.5    -4.5        9
DAYS >= .10         0               4.7    -4.7        4
DAYS >= .50         0               1.9    -1.9        3
DAYS >= 1.00        0               1.0    -1.0        2
GREATEST
 24 HR. TOTAL    0.03   10/24 TO 10/24

SNOWFALL (INCHES)
TOTALS            0.0               0.0     0.0      0.0
SINCE 7/1         0.0               0.0     0.0

DEGREE_DAYS
HEATING TOTAL       5                 4       1       13
 SINCE 7/1          5                 4       1       13
COOLING TOTAL     404               354      50      409
 SINCE 1/1       4458              3765     693     4518
.................................................................

WIND (MPH)
AVERAGE WIND SPEED              8.0
HIGHEST WIND SPEED/DIRECTION    26/310    DATE  10/29
HIGHEST GUST SPEED/DIRECTION    34/310    DATE  10/28

SKY COVER
POSSIBLE SUNSHINE (PERCENT)   MM
AVERAGE SKY COVER           0.30
NUMBER OF DAYS FAIR           23
NUMBER OF DAYS PC              7
NUMBER OF DAYS CLOUDY          1

AVERAGE RH (PERCENT)     73

WEATHER CONDITIONS. NUMBER OF DAYS WITH
THUNDERSTORM              0     MIXED PRECIP                0
HEAVY RAIN                0     RAIN                        0
LIGHT RAIN                7     FREEZING RAIN               0
LT FREEZING RAIN          0     HAIL                        0
HEAVY SNOW                0     SNOW                        0
LIGHT SNOW                0     SLEET                       0
FOG                       5     FOG W/VIS <= 1/4 MILE       0
HAZE                      1

-  INDICATES NEGATIVE NUMBERS.
R  INDICATES RECORD WAS SET OR TIED.
MM INDICATES DATA IS MISSING.
T  INDICATES TRACE AMOUNT.

$$
