170
CXUS54 KBRO 022030
CLMBRO

CLIMATE REPORT
NATIONAL WEATHER SERVICE BROWNSVILLE, TX
330 PM CDT WED JUN 02 2021

...................................

...THE BROWNSVILLE CLIMATE SUMMARY FOR THE MONTH OF MAY 2021...

CLIMATE NORMAL PERIOD 1991 TO 2020
CLIMATE RECORD PERIOD 1878 TO 2021

WEATHER         OBSERVED          NORMAL  DEPART   LAST YEAR`S
                VALUE   DATE(S)   VALUE   FROM     VALUE DATE(S)
                                          NORMAL
................................................................
TEMPERATURE (F)
HIGHEST           94   05/04         94       0       97  05/28
LOWEST            60   05/07         61      -1       61  05/01
AVG. MAXIMUM    87.7               90.3    -2.6     91.5
AVG. MINIMUM    72.9               73.7    -0.8     74.4
MEAN            80.3               82.0    -1.7     83.0
DAYS MAX >= 90    12               16.1    -4.1       24
DAYS MAX <= 32     0                0.0     0.0        0
DAYS MIN <= 32     0                0.0     0.0        0
DAYS MIN <= 0      0                0.0     0.0        0

PRECIPITATION (INCHES)
TOTALS          4.96R              2.22    2.74     2.38
DAILY AVG.      0.16               0.07    0.09     0.08
DAYS >= .01        8                4.8     3.2        8
DAYS >= .10        7                2.4     4.6        6
DAYS >= .50        2                1.3     0.7        1
DAYS >= 1.00       2                0.8     1.2        1
GREATEST
 24 HR. TOTAL   2.15   05/19 TO 05/19

SNOWFALL (INCHES)
TOTALS           0.0                0.0     0.0      0.0
SINCE 7/1          T                0.0     0.0

DEGREE DAYS
HEATING TOTAL      0                  0       0        0
 SINCE 7/1       528                423     105      317
COOLING TOTAL    484                527     -43      565
 SINCE 1/1      1250               1303     -53     1625
................................................................

WIND (MPH)
AVERAGE WIND SPEED              11.8
HIGHEST WIND SPEED/DIRECTION    39/050    DATE  05/19
HIGHEST GUST SPEED/DIRECTION    49/320    DATE  05/12
                                49/050          05/19

SKY COVER
POSSIBLE SUNSHINE (PERCENT)   MM
AVERAGE SKY COVER           0.58
NUMBER OF DAYS FAIR            7
NUMBER OF DAYS PC             14
NUMBER OF DAYS CLOUDY         10

AVERAGE RH (PERCENT)     75

WEATHER CONDITIONS. NUMBER OF DAYS WITH
THUNDERSTORM              7     MIXED PRECIP               0
HEAVY RAIN                5     RAIN                       5
LIGHT RAIN               14     FREEZING RAIN              0
LT FREEZING RAIN          0     HAIL                       0
HEAVY SNOW                0     SNOW                       0
LIGHT SNOW                0     SLEET                      0
FOG                      10     FOG W/VIS <= 1/4 MILE      1
HAZE                      2

-  INDICATES NEGATIVE NUMBERS.
R  INDICATES RECORD WAS SET OR TIED.
MM INDICATES DATA IS MISSING.
T  INDICATES TRACE AMOUNT.

$$
