016
CXAK59 PAFG 012005
CLMBRW

CLIMATE REPORT
NATIONAL WEATHER SERVICE FAIRBANKS AK
1105 AM AKST SUN NOV 01 2020

...................................

...THE UTQIAGVIK (BARROW) AK CLIMATE SUMMARY FOR THE MONTH OF OCTOBER 2020...

CLIMATE NORMAL PERIOD 1981 TO 2010
CLIMATE RECORD PERIOD 1920 TO 2020

WEATHER         OBSERVED          NORMAL  DEPART   LAST YEAR`S
                VALUE   DATE(S)   VALUE   FROM     VALUE DATE(S)
                                          NORMAL
................................................................
TEMPERATURE (F)
RECORD
 HIGH             44   10/10/2016
 LOW             -32   10/27/1970
HIGHEST           36   10/04         MM      MM       43  10/01
                       10/22
LOWEST                 10/31         MM      MM        0  10/26
AVG. MAXIMUM    29.6               21.8     7.8     34.5
AVG. MINIMUM    22.1               12.6     9.5     23.1
MEAN            25.9               17.2     8.7     28.8
DAYS MAX >= 90     0                0.0     0.0        0
DAYS MAX <= 32    20               27.7    -7.7        9
DAYS MIN <= 32    29               30.7    -1.7       29
DAYS MIN <= 0      1                5.0    -4.0        1

PRECIPITATION (INCHES)
RECORD
 MAXIMUM        1.65   1925
 MINIMUM        0.12
TOTALS          0.58               0.41    0.17     1.07
DAILY AVG.      0.02               0.01    0.01     0.03
DAYS >= .01       15               12.2     2.8       19
DAYS >= .10        0                0.6    -0.6        4
DAYS >= .50        0                0.0     0.0        0
DAYS >= 1.00       0                0.0     0.0        0
GREATEST
 24 HR. TOTAL   0.10   10/02 TO 10/03               0.15
                       10/29 TO 10/30


DEGREE DAYS
HEATING TOTAL   1206               1482    -276     1114
 SINCE 7/1      3613               4023    -410     3023
COOLING TOTAL      0                  0       0        0
 SINCE 1/1         0                  0       0        0
................................................................

WIND (MPH)
AVERAGE WIND SPEED              13.4
HIGHEST WIND SPEED/DIRECTION    37/080    DATE  10/09
HIGHEST GUST SPEED/DIRECTION    44/080    DATE  10/09

SKY COVER
AVERAGE SKY COVER           0.86
NUMBER OF DAYS FAIR            2


WEATHER CONDITIONS. NUMBER OF DAYS WITH
THUNDERSTORM              0     MIXED PRECIP               0
HEAVY RAIN                0     RAIN                       0
LIGHT RAIN                4     FREEZING RAIN              0
LT FREEZING RAIN          1     HAIL                       0
HEAVY SNOW                0     SNOW                       4
LIGHT SNOW               26     SLEET                      0
FOG                      24     FOG W/VIS <= 1/4 MILE      6
HAZE                     19

-  INDICATES NEGATIVE NUMBERS.
R  INDICATES RECORD WAS SET OR TIED.
MM INDICATES DATA IS MISSING.
T  INDICATES TRACE AMOUNT.

$$
