268
CXUS53 KGRR 091134
CLMBTL


CLIMATE REPORT
NATIONAL WEATHER SERVICE GRAND RAPIDS, MI
634 AM EST MON NOV 9 2020

...................................

...THE BATTLE CREEK MI CLIMATE SUMMARY FOR THE MONTH OF OCTOBER 2020...

CLIMATE NORMAL PERIOD 1981 TO 2010
CLIMATE RECORD PERIOD 1998 TO 2020

WEATHER         OBSERVED          NORMAL  DEPART  LAST YEAR`S
                 VALUE   DATE(S)  VALUE   FROM    VALUE  DATE(S)
                                          NORMAL
................................................................
TEMPERATURE (F)
HIGHEST            80   10/09        MM      MM       83  10/01
LOWEST             29   10/31        MM      MM       32  10/26
                        10/16                             10/18
AVG. MAXIMUM     58.5              61.0    -2.5     60.2
AVG. MINIMUM     39.1              39.3    -0.2     42.5
MEAN             48.8              50.2    -1.4     51.3
DAYS MAX >= 90      0               0.0     0.0        0
DAYS MAX <= 32      0               0.0     0.0        0
DAYS MIN <= 32      4               7.1    -3.1        2
DAYS MIN <= 0       0               0.0     0.0        0

PRECIPITATION (INCHES)
TOTALS           2.01              3.14   -1.13     5.97
DAILY AVG.       0.06              0.10   -0.04     0.19
DAYS >= .01        10              11.6    -1.6       13
DAYS >= .10         5               6.6    -1.6        9
DAYS >= .50         1               2.1    -1.1        6
DAYS >= 1.00        0               0.8    -0.8        1
GREATEST
 24 HR. TOTAL    0.93   10/22 TO 10/22

DEGREE_DAYS
HEATING TOTAL     493               465      28      429
 SINCE 7/1        613               662     -49      470
COOLING TOTAL       0                 5      -5       12
 SINCE 1/1        864               578     286      783
.................................................................

WIND (MPH)
AVERAGE WIND SPEED              8.4
RESULTANT WIND SPEED/DIRECTION   3/225
HIGHEST WIND SPEED/DIRECTION    30/230    DATE  10/16
HIGHEST GUST SPEED/DIRECTION    40/280    DATE  10/12

SKY COVER
POSSIBLE SUNSHINE (PERCENT)   MM
AVERAGE SKY COVER           0.50
NUMBER OF DAYS FAIR           11
NUMBER OF DAYS PC             14
NUMBER OF DAYS CLOUDY          6

AVERAGE RH (PERCENT)     72

WEATHER CONDITIONS. NUMBER OF DAYS WITH
  0
  8
  0
  0
  0
  0
  1
HAZE                      2

-  INDICATES NEGATIVE NUMBERS.
R  INDICATES RECORD WAS SET OR TIED.
MM INDICATES DATA IS MISSING.
T  INDICATES TRACE AMOUNT.

$$
