000
CXUS53 KGRR 012344
CLMBTL

CLIMATE REPORT
NATIONAL WEATHER SERVICE GRAND RAPIDS, MICHIGAN
726 PM EDT TUE JUN 01 2021

...................................

...THE BATTLE CREEK CLIMATE SUMMARY FOR THE MONTH OF MAY 2021...

CLIMATE NORMAL PERIOD: 1991 TO 2020
CLIMATE RECORD PERIOD: 1895 TO 2021

WEATHER         OBSERVED          NORMAL  DEPART   LAST YEAR`S
                VALUE   DATE(S)   VALUE   FROM     VALUE DATE(S)
                                          NORMAL
................................................................
TEMPERATURE (F)
RECORD
 HIGH             95   05/27/1911
                       05/29/1895
 LOW              18   05/27/2021
HIGHEST           90   05/25         MM      MM       88  05/26
LOWEST            30   05/11         MM      MM       23  05/09
AVG. MAXIMUM    70.1               70.1    -0.0     67.1
AVG. MINIMUM    46.6               48.7    -2.1     48.2
MEAN             9.0               59.4   -50.4     57.7
DAYS MAX >= 90     1                0.3     0.7       MM
DAYS MAX <= 32     0                0.0     0.0       MM
DAYS MIN <= 32     2                0.8     1.2       MM
DAYS MIN <= 0      0                0.0     0.0       MM

PRECIPITATION (INCHES)
RECORD
 MAXIMUM        8.86   2004
 MINIMUM        0.71   1936
TOTALS            MM               3.72      MM     6.52
DAILY AVG.        MM               0.12      MM     0.21
DAYS >= .01       MM               13.0      MM       MM
DAYS >= .10       MM                8.0      MM       MM
DAYS >= .50       MM                3.1      MM       MM
DAYS >= 1.00      MM                0.8      MM       MM
GREATEST
 24 HR. TOTAL     MM

* NOTE: PRECIPITATION WAS MISSING ON 5/6 DUE TO EQUIPMENT ISSUES,
        AND THERE WAS RAINFALL AT THE SITE. IT IS UNKNOWN HOW
        MUCH FELL.

DEGREE DAYS
HEATING TOTAL    274                218      56      270
 SINCE 7/1      6018               6371    -353       MM
COOLING TOTAL     76                 44      32       51
 SINCE 1/1        80                 49      31       MM
................................................................

WIND (MPH)
AVERAGE WIND SPEED              8.4
RESULTANT WIND SPEED/DIRECTION   2/250
HIGHEST WIND SPEED/DIRECTION    30/210    DATE  05/01
HIGHEST GUST SPEED/DIRECTION    46/210    DATE  05/01

SKY COVER
POSSIBLE SUNSHINE (PERCENT)   MM
AVERAGE SKY COVER           0.39
NUMBER OF DAYS FAIR           15
NUMBER OF DAYS PC             12
NUMBER OF DAYS CLOUDY          4

AVERAGE RH (PERCENT)     59

WEATHER CONDITIONS. NUMBER OF DAYS WITH
THUNDERSTORM              0     MIXED PRECIP               0
HEAVY RAIN                1     RAIN                       2
LIGHT RAIN               14     FREEZING RAIN              0
LT FREEZING RAIN          0     HAIL                       0
HEAVY SNOW                0     SNOW                       0
LIGHT SNOW                0     SLEET                      0
FOG                       9     FOG W/VIS <= 1/4 MILE      1
HAZE                      4

-  INDICATES NEGATIVE NUMBERS.
R  INDICATES RECORD WAS SET OR TIED.
MM INDICATES DATA IS MISSING.
T  INDICATES TRACE AMOUNT.

$$
