000
CXUS54 KLIX 011530
CLMBTR

CLIMATE REPORT
NATIONAL WEATHER SERVICE NEW ORLEANS
930 AM CST TUE DEC 01 2020

...................................

...THE BATON ROUGE   CLIMATE SUMMARY FOR THE MONTH OF NOVEMBER 2020...

CLIMATE NORMAL PERIOD: 1981 TO 2010
CLIMATE RECORD PERIOD: 1894 TO 2020

WEATHER         OBSERVED          NORMAL  DEPART   LAST YEAR`S
                VALUE   DATE(S)   VALUE   FROM     VALUE DATE(S)
                                          NORMAL
................................................................
TEMPERATURE (F)
RECORD
 HIGH             89   11/04/2016
                       11/03/1935
                       11/02/1935
 LOW              21   11/30/1976
HIGHEST           83   11/11         MM      MM       83  11/30
                       11/13
                       11/14
LOWEST            34   11/30         MM      MM       24  11/13
AVG. MAXIMUM    75.3               71.9     3.4     70.3
AVG. MINIMUM    52.0               48.9     3.1     43.8
MEAN            63.7               60.4     3.3     57.1
DAYS MAX >= 90     0                0.0     0.0        0
DAYS MAX <= 32     0                0.0     0.0        0
DAYS MIN <= 32     0                1.3    M1.3        3
DAYS MIN <= 0      0                0.0     0.0        0

PRECIPITATION (INCHES)
RECORD
 MAXIMUM       13.55   1989
 MINIMUM        0.08   1949
TOTALS          3.99               4.10   M0.11     1.72
DAILY AVG.      0.13               0.14   M0.00     0.06
DAYS >= .01        7                8.5    M1.5        6
DAYS >= .10        5                5.2    M0.2        3
DAYS >= .50        3                2.8     0.2        1
DAYS >= 1.00       3                1.2     1.8        0
GREATEST
 24 HR. TOTAL   1.23   11/25 TO 11/25               0.93  11/26 TO 11/27
                                                          11/27 TO 11/27
                                                          11/27 TO 11/28

SNOWFALL (INCHES)
RECORDS
 TOTAL            MM   MM
 24 HR TOTAL      MM
 SNOW DEPTH       MM   MM
TOTALS           0.0                0.0     0.0      0.0
SINCE 7/1        0.0                0.0     0.0       MM
SNOWDEPTH AVG.    MM                                   0
DAYS >= TRACE      0                0.0     0.0        0
DAYS >= 1.0        0                0.0     0.0        0
GREATEST
 SNOW DEPTH       MM                                   0  MM
 24 HR TOTAL      MM    MM                           0.0

DEGREE DAYS
HEATING TOTAL    102                189     M87      255
 SINCE 7/1       125                236    M111       MM
COOLING TOTAL     68                 51      17       26
 SINCE 1/1      3083               2801     282       MM
................................................................

WIND (MPH)
AVERAGE WIND SPEED              5.9
HIGHEST WIND SPEED/DIRECTION    23/020    DATE  11/15
                                23/310          11/29
HIGHEST GUST SPEED/DIRECTION    32/310    DATE  11/29

SKY COVER
POSSIBLE SUNSHINE (PERCENT)   MM
AVERAGE SKY COVER           0.34
NUMBER OF DAYS FAIR           18
NUMBER OF DAYS PC              5
NUMBER OF DAYS CLOUDY          7

AVERAGE RH (PERCENT)     71

WEATHER CONDITIONS. NUMBER OF DAYS WITH
THUNDERSTORM              3     MIXED PRECIP              MM
HEAVY RAIN                4     RAIN                       5
LIGHT RAIN               11     FREEZING RAIN             MM
LT FREEZING RAIN         MM     HAIL                      MM
HEAVY SNOW               MM     SNOW                      MM
LIGHT SNOW               MM     SLEET                     MM
FOG                      13     FOG W/VIS <= 1/4 MILE      5
HAZE                      2

M  INDICATES NEGATIVE NUMBERS.
R  INDICATES RECORD WAS SET OR TIED.
MM INDICATES DATA IS MISSING.
T  INDICATES TRACE AMOUNT.

$$
