000
CXUS51 KBTV 011500
CLMBTV

CLIMATE REPORT
NATIONAL WEATHER SERVICE BURLINGTON VT
1000 AM EST TUE DEC 01 2020

...................................

...THE BURLINGTON VT CLIMATE SUMMARY FOR THE MONTH OF NOVEMBER 2020...

CLIMATE NORMAL PERIOD: 1981 TO 2010
CLIMATE RECORD PERIOD: 1884 TO 2020

WEATHER         OBSERVED          NORMAL  DEPART   LAST YEAR`S
                VALUE   DATE(S)   VALUE   FROM     VALUE DATE(S)
                                          NORMAL
................................................................
TEMPERATURE (F)
RECORD
 HIGH             75   11/02/1950
                       11/06/1948
 LOW              -3   11/26/1938
HIGHEST           72   11/08         44      28       69  11/01
                       11/10
LOWEST            18   11/18         30     -12        7  11/17
                       11/19
AVG. MAXIMUM    51.8               45.5     6.3     40.0
AVG. MINIMUM    34.8               30.9     3.9     26.0
MEAN            43.3               38.2     5.1     33.0
DAYS MAX >= 90     0                0.0     0.0        0
DAYS MAX <= 32     1                2.5    -1.5        6
DAYS MIN <= 32    15               16.5    -1.5       23
DAYS MIN <= 0      0                0.0     0.0        0

PRECIPITATION (INCHES)
RECORD
 MAXIMUM       10.13   1927
 MINIMUM        0.52   1904
TOTALS          2.08               3.13   -1.05     3.38
DAILY AVG.      0.07               0.10   -0.03     0.11
DAYS >= .01       12               14.0    -2.0       15
DAYS >= .10        5                7.2    -2.2        8
DAYS >= .50        1                1.9    -0.9        3
DAYS >= 1.00       0                0.4    -0.4        0
GREATEST
 24 HR. TOTAL   0.67   11/30 TO 11/30               1.13  11/27 TO 11/28
 STORM TOTAL    0.67                                0.64
 (MM/DD(HH))            MM

SNOWFALL (INCHES)
RECORDS
 TOTAL          30.0   MM
TOTALS           2.7                5.1    -2.4     12.5
SINCE 7/1        2.7                5.4    -2.7       MM
SNOWDEPTH AVG.     0                                   2
DAYS >= 1.0        2                1.6     0.4        3
GREATEST
 SNOW DEPTH        1   11/03                           7  MM
 24 HR TOTAL     1.3   11/25 TO 11/25                 MM

DEGREE DAYS
HEATING TOTAL    645                804    -159      952
 SINCE 7/1      1250               1544    -294       MM
COOLING TOTAL      0                  0       0        0
 SINCE 1/1       895                491     404       MM
................................................................

WIND (MPH)
AVERAGE WIND SPEED              9.4
HIGHEST WIND SPEED/DIRECTION    31/190    DATE  11/01
                                31/310          11/02
                                31/190          11/19
HIGHEST GUST SPEED/DIRECTION    43/190    DATE  11/01
                                43/290          11/02

SKY COVER
POSSIBLE SUNSHINE (PERCENT)   MM
AVERAGE SKY COVER           0.65
NUMBER OF DAYS FAIR            5
NUMBER OF DAYS PC             12
NUMBER OF DAYS CLOUDY         13

AVERAGE RH (PERCENT)     65

WEATHER CONDITIONS. NUMBER OF DAYS WITH
THUNDERSTORM              0     MIXED PRECIP               0
HEAVY RAIN                1     RAIN                       3
LIGHT RAIN               12     FREEZING RAIN              0
LT FREEZING RAIN          0     HAIL                       0
HEAVY SNOW                0     SNOW                       0
LIGHT SNOW               10     SLEET                      1
FOG                      10     FOG W/VIS <= 1/4 MILE      0
HAZE                      3

-  INDICATES NEGATIVE NUMBERS.
R  INDICATES RECORD WAS SET OR TIED.
MM INDICATES DATA IS MISSING.
T  INDICATES TRACE AMOUNT.

$$
