318
CXUS53 KLMK 012251
CLMBWG

CLIMATE REPORT
NATIONAL WEATHER SERVICE LOUISVILLE KY
651 PM EDT TUE JUN 01 2021

...................................

...THE BOWLING GREEN KY CLIMATE SUMMARY FOR THE MONTH OF MAY 2021...

CLIMATE NORMAL PERIOD 1991 TO 2020
CLIMATE RECORD PERIOD 1870 TO 2021

WEATHER         OBSERVED          NORMAL  DEPART   LAST YEAR`S
                VALUE   DATE(S)   VALUE   FROM     VALUE DATE(S)
                                          NORMAL
................................................................
TEMPERATURE (F)
RECORD
 HIGH            100   05/28/1911
 LOW              30   05/01/1963
HIGHEST           91   05/25         MM      MM       90  05/25
LOWEST            42   05/06         MM      MM       34  05/09
                       05/13
                       05/14
AVG. MAXIMUM    76.0               78.7    -2.7     75.0
AVG. MINIMUM    53.2               57.2    -4.0     55.2
MEAN            64.6               68.0    -3.4     65.1
DAYS MAX >= 90     1                1.0     0.0        1
DAYS MAX <= 32     0                0.0     0.0        0
DAYS MIN <= 32     0                0.0     0.0        0
DAYS MIN <= 0      0                0.0     0.0        0

PRECIPITATION (INCHES)
RECORD
 MAXIMUM       13.27   1983
 MINIMUM        0.56   1926
TOTALS          4.80               5.03   -0.23     3.22
DAILY AVG.      0.15               0.16   -0.01     0.10
DAYS >= .01       10               11.8    -1.8       15
DAYS >= .10        6                7.9    -1.9        8
DAYS >= .50        2                3.1    -1.1        2
DAYS >= 1.00       1                1.3    -0.3        0
GREATEST
 24 HR. TOTAL   3.20   05/03 TO 05/04

SNOWFALL (INCHES)
RECORDS
 TOTAL            MM   5
TOTALS           0.0                 MM      MM      0.0
SINCE 7/1        9.0                 MM      MM       MM
SNOWDEPTH AVG.     0                                   0
DAYS >= 1.0        0                 MM      MM        0
GREATEST
 SNOW DEPTH        0                                   0  MM

DEGREE DAYS
HEATING TOTAL    107                 59      48      114
 SINCE 7/1      3781               3794     -13     3528
COOLING TOTAL    102                150     -48      124
 SINCE 1/1       124                198     -74      157
................................................................

WIND (MPH)
AVERAGE WIND SPEED              5.1
HIGHEST WIND SPEED/DIRECTION    31/280    DATE  05/06
HIGHEST GUST SPEED/DIRECTION    49/280    DATE  05/06

SKY COVER
POSSIBLE SUNSHINE (PERCENT)   MM
AVERAGE SKY COVER           0.38
NUMBER OF DAYS FAIR           17
NUMBER OF DAYS PC              8
NUMBER OF DAYS CLOUDY          6

AVERAGE RH (PERCENT)     65

WEATHER CONDITIONS. NUMBER OF DAYS WITH
THUNDERSTORM              3     MIXED PRECIP               0
HEAVY RAIN                4     RAIN                       6
LIGHT RAIN                9     FREEZING RAIN              0
LT FREEZING RAIN          0     HAIL                       0
HEAVY SNOW                0     SNOW                       0
LIGHT SNOW                0     SLEET                      0
FOG                      17     FOG W/VIS <= 1/4 MILE      3
HAZE                      3

-  INDICATES NEGATIVE NUMBERS.
R  INDICATES RECORD WAS SET OR TIED.
MM INDICATES DATA IS MISSING.
T  INDICATES TRACE AMOUNT.

$$
