000
CXUS51 KLWX 011059
CLMBWI

CLIMATE REPORT
NATIONAL WEATHER SERVICE BALTIMORE MD/WASHINGTON DC
559 AM EST SUN NOV 01 2020

...................................

...THE BALTIMORE MD CLIMATE SUMMARY FOR THE MONTH OF OCTOBER 2020...

CLIMATE NORMAL PERIOD: 1981 TO 2010
CLIMATE RECORD PERIOD: 1871 TO 2020

WEATHER         OBSERVED          NORMAL  DEPART   LAST YEAR`S
                VALUE   DATE(S)   VALUE   FROM     VALUE
                                          NORMAL
..............................................................
TEMPERATURE (F)
RECORD
 HIGH             98   10/02/2019
 LOW              25   10/24/1969
                       10/31/1966
HIGHEST           81   10/07         83      -2       98
LOWEST            37   10/31         32       5       40
AVG. MAXIMUM    69.4               66.8     2.6     72.0
AVG. MINIMUM    50.0               45.4     4.6     52.3
MEAN            59.7               56.1     3.6     62.2
DAYS MAX >= 90     0                0.1    -0.1        2
DAYS MAX <= 32     0                0.0     0.0        0
DAYS MIN <= 32     0                1.3    -1.3        0
DAYS MIN <= 0      0                0.0     0.0        0

PRECIPITATION (INCHES)
RECORD
 MAXIMUM        9.23   2005
 MINIMUM           T   1963
TOTALS          4.36               3.33    1.03     6.21
DAILY AVG.      0.14               0.11    0.03     0.20
DAYS >= .01       10                8.2     1.8        9
DAYS >= .10        6                5.0     1.0        7
DAYS >= .50        3                2.3     0.7        5
DAYS >= 1.00       1                0.9     0.1        3
GREATEST
 24 HR. TOTAL   2.36   10/29 TO 10/30               1.35
 STORM TOTAL    2.21                                  MM
 (MM/DD(HH))

SNOWFALL (INCHES)
RECORDS
 TOTAL           2.4   1925
TOTALS           0.0                0.0     0.0      0.0
SINCE 7/1        0.0                0.0     0.0       MM
DAYS >= TRACE      0                0.0     0.0        0
DAYS >= 1.0        0                0.0     0.0        0
GREATEST
 SNOW DEPTH        0                                   0

DEGREE DAYS
HEATING TOTAL    172                294    -122      143
 SINCE 7/1       217                347    -130      146
COOLING TOTAL     15                 18      -3       60
 SINCE 1/1      1568               1163     405     1758
..............................................................

WIND (MPH)
AVERAGE WIND SPEED              5.1
HIGHEST WIND SPEED/DIRECTION    25/060
HIGHEST GUST SPEED/DIRECTION    36/070

SKY COVER
AVERAGE SKY COVER           0.62

AVERAGE RH (PERCENT)     73

WEATHER CONDITIONS. NUMBER OF DAYS WITH
THUNDERSTORM              0     MIXED PRECIP               0
HEAVY RAIN                1     RAIN                       4
LIGHT RAIN               11     FREEZING RAIN              0
LT FREEZING RAIN          0     HAIL                       0
HEAVY SNOW                0     SNOW                       0
LIGHT SNOW                0     SLEET                      0
FOG                      18     FOG W/VIS <= 1/4 MILE      4
HAZE                      5

-  INDICATES NEGATIVE NUMBERS.
R  INDICATES RECORD WAS SET OR TIED.
MM INDICATES DATA IS MISSING.
T  INDICATES TRACE AMOUNT.

&&
.....................................................................

BALTIMORE MD...BALTIMORE-WASHINGTON INTERNATIONAL THURGOOD
MARSHALL AIRPORT...

THE AVERAGE TEMPERATURE IN OCTOBER 2020 WAS ABOVE AVERAGE. HOWEVER,
IT WAS ACTUALLY COOLEST OCTOBER SINCE 2018, WHEN THE AVERAGE
TEMPERATURE WAS 59.3 DEGREES.

MONTHLY PRECIPITATION WAS 131 PERCENT OF NORMAL. HOWEVER, IT WAS
ACTUALLY THE DRIEST OCTOBER SINCE 2018, WHEN ONLY 2.69 INCHES OF
PRECIPITATION FELL.

NO DAILY RECORDS WERE SET IN OCTOBER 2020.

WEATHER RECORDS FOR THE BALTIMORE MD AREA HAVE BEEN RECORDED AT WHAT
IS NOW BALTIMORE-WASHINGTON INTERNATIONAL THURGOOD MARSHALL AIRPORT
SINCE 1950. THE OFFICIAL WEATHER RECORD CONSISTS OF THAT DATA BACK TO
1950, AND OBSERVATIONS TAKEN IN DOWNTOWN BALTIMORE FROM 1871 THROUGH
1949. TEMPERATURE RECORDS FOR THE BALTIMORE MD AREA EXTEND BACK TO
JULY OF 1872. PRECIPITATION RECORDS EXTEND BACK TO JANUARY OF 1871.
SNOWFALL RECORDS BEGAN IN MARCH OF 1892.

ALL CLIMATE DATA ARE CONSIDERED PRELIMINARY UNTIL REVIEWED BY THE
NATIONAL CENTERS FOR ENVIRONMENTAL INFORMATION (NCEI).

$$

RCM
