000
CXUS52 KCAE 012320
CLMCAE

CLIMATE REPORT
NATIONAL WEATHER SERVICE COLUMBIA SC
601 PM EST SUN NOV 1 2020

...................................

...THE COLUMBIA METRO AIRPORT SC CLIMATE SUMMARY FOR THE MONTH OF OCTOBER 2020...

CLIMATE NORMAL PERIOD 1981 TO 2010
CLIMATE RECORD PERIOD 1887 TO 2020

WEATHER         OBSERVED          NORMAL  DEPART
                 VALUE   DATE(S)  VALUE   FROM
                                          NORMAL
................................................
TEMPERATURE (F)
RECORD
 HIGH             101   10/05/1954
 LOW               23   10/30/1952
                        10/22/1952
HIGHEST            88   10/08        MM      MM
LOWEST             47   10/31        MM      MM
AVG. MAXIMUM     79.5              76.1     3.4
AVG. MINIMUM     57.8              52.1     5.7
MEAN             68.7              64.1     4.6
DAYS MAX >= 90      0               0.5    -0.5
DAYS MAX <= 32      0               0.0     0.0
DAYS MIN <= 32      0               0.5    -0.5
DAYS MIN <= 0       0               0.0     0.0

PRECIPITATION (INCHES)
RECORD
 MAXIMUM        14.46   2015
 MINIMUM         0.00   1884
                        1963
TOTALS           0.94              3.17   -2.23
DAILY AVG.       0.03              0.10   -0.07
DAYS >= .01         5               7.0    -2.0
DAYS >= .10         4               4.2    -0.2
DAYS >= .50         0               2.1    -2.1
DAYS >= 1.00        0               1.1    -1.1
GREATEST
 24 HR. TOTAL    0.32   10/10 TO 10/10
 STORM TOTAL       MM
 (MM/DD(HH))            MM

SNOWFALL (INCHES)
RECORDS
 TOTAL             MM   MM
TOTALS            0.0               0.0     0.0
SINCE 7/1         0.0               0.0     0.0
DAYS >= TRACE       0               0.0     0.0
DAYS >= 1.0         0               0.0     0.0
GREATEST
 SNOW DEPTH         0   MM

DEGREE_DAYS
HEATING TOTAL      29               112     -83
 SINCE 7/1         35               120     -85
COOLING TOTAL     149                85      64
 SINCE 1/1       2319              2152     167

FREEZE DATES
RECORD
 EARLIEST     10/15/1991
 LATEST       04/03/1964
EARLIEST                        11/05
LATEST                          03/22
.................................................

WIND (MPH)
AVERAGE WIND SPEED              4.8
RESULTANT WIND SPEED/DIRECTION   1/068
HIGHEST WIND SPEED/DIRECTION    33/270    DATE  10/30
HIGHEST GUST SPEED/DIRECTION    42/270    DATE  10/30

SKY COVER
POSSIBLE SUNSHINE (PERCENT)   MM
AVERAGE SKY COVER           0.50
NUMBER OF DAYS FAIR           11
NUMBER OF DAYS PC             13
NUMBER OF DAYS CLOUDY          7

AVERAGE RH (PERCENT)     71

WEATHER CONDITIONS. NUMBER OF DAYS WITH
THUNDERSTORM              0     MIXED PRECIP               0
HEAVY RAIN                4     RAIN                       2
LIGHT RAIN                6     FREEZING RAIN              0
LT FREEZING RAIN          0     HAIL                       0
HEAVY SNOW                0     SNOW                       0
LIGHT SNOW                0     SLEET                      0
FOG                      22     FOG W/VIS <= 1/4 MILE      5
HAZE                      4

-  INDICATES NEGATIVE NUMBERS.
R  INDICATES RECORD WAS SET OR TIED.
MM INDICATES DATA IS MISSING.
T  INDICATES TRACE AMOUNT.

$$
