460
CXUS55 KGJT 011003
CLMCAG

CLIMATE REPORT
NATIONAL WEATHER SERVICE GRAND JUNCTION CO
403 AM MDT TUE JUN 01 2021

...................................

...THE CRAIG CO CLIMATE SUMMARY FOR THE MONTH OF MAY 2021...

CLIMATE NORMAL PERIOD 1991 TO 2020
CLIMATE RECORD PERIOD 9999 TO 9999

WEATHER         OBSERVED          NORMAL  DEPART   LAST YEAR`S
                VALUE   DATE(S)   VALUE   FROM     VALUE DATE(S)
                                          NORMAL
................................................................
TEMPERATURE (F)
HIGHEST           83   05/01         MM      MM       88  05/29
                       05/28
LOWEST            25   05/06         MM      MM       23  05/08
AVG. MAXIMUM    70.4               69.1     1.3     71.7
AVG. MINIMUM    33.7               34.5    -0.8     35.1
MEAN            52.0               51.8     0.2     53.4
DAYS MAX >= 90     0                0.1    -0.1        0
DAYS MAX <= 32     0                0.0     0.0        0
DAYS MIN <= 32    15               12.7     2.3       11
DAYS MIN <= 0      0                0.0     0.0        0

PRECIPITATION (INCHES)
TOTALS          0.82               1.63   -0.81     0.91
DAILY AVG.      0.03               0.05   -0.02     0.03
DAYS >= .01        6               10.1    -4.1        7
DAYS >= .10        3                4.8    -1.8        5
DAYS >= .50        0                0.4    -0.4        0
DAYS >= 1.00       0                0.0     0.0        0
GREATEST
 24 HR. TOTAL   0.46   05/10 TO 05/11               0.21

SNOWFALL (INCHES)
TOTALS            MM                 MM      MM       MM
SINCE 7/1         MM                 MM      MM       MM
SNOWDEPTH AVG.    MM                                  MM
DAYS >= 1.0       MM                 MM      MM       MM
GREATEST
 SNOW DEPTH       MM                                  MM  MM
 24 HR TOTAL      MM                                  MM

DEGREE DAYS
HEATING TOTAL    394                410     -16      352
 SINCE 7/1      8201               8092     109     8542
COOLING TOTAL      0                  1      -1        1
 SINCE 1/1         0                  1      -1        1
................................................................

WIND (MPH)
AVERAGE WIND SPEED              7.1
HIGHEST WIND SPEED/DIRECTION    40/220    DATE  05/21
HIGHEST GUST SPEED/DIRECTION    53/180    DATE  05/16
                                53/220          05/21

SKY COVER
POSSIBLE SUNSHINE (PERCENT)   MM
AVERAGE SKY COVER           0.26
NUMBER OF DAYS FAIR           23
NUMBER OF DAYS PC              6
NUMBER OF DAYS CLOUDY          2

AVERAGE RH (PERCENT)     51

WEATHER CONDITIONS. NUMBER OF DAYS WITH
THUNDERSTORM              7     MIXED PRECIP               0
HEAVY RAIN                1     RAIN                       3
LIGHT RAIN               17     FREEZING RAIN              0
LT FREEZING RAIN          0     HAIL                       0
HEAVY SNOW                0     SNOW                       1
LIGHT SNOW                1     SLEET                      0
FOG                       3     FOG W/VIS <= 1/4 MILE      1
HAZE                      2

-  INDICATES NEGATIVE NUMBERS.
R  INDICATES RECORD WAS SET OR TIED.
MM INDICATES DATA IS MISSING.
T  INDICATES TRACE AMOUNT.

$$
