000
CXUS51 KCLE 042002
CLMCAK

CLIMATE REPORT
NATIONAL WEATHER SERVICE CLEVELAND, OH
302 PM EST WED NOV 04 2020

...................................

...THE AKRON CANTON OH CLIMATE SUMMARY FOR THE MONTH OF OCTOBER 2020...

CLIMATE NORMAL PERIOD 1981 TO 2010
CLIMATE RECORD PERIOD 1887 TO 2020

WEATHER         OBSERVED          NORMAL  DEPART   LAST YEAR`S
                VALUE   DATE(S)   VALUE   FROM     VALUE
                                          NORMAL
..............................................................
TEMPERATURE (F)
RECORD
 HIGH             91   10/01/2019
 LOW              20   10/20/1952
HIGHEST           79   10/22
                       10/23
LOWEST            31   10/31
AVG. MAXIMUM    62.0               61.0     1.0     68.2
AVG. MINIMUM    46.4               42.5     3.9     47.2
MEAN            54.2               51.7     2.5     57.7
DAYS MAX >= 90     0                0.0     0.0        1
DAYS MAX <= 32     0                0.0     0.0        0
DAYS MIN <= 32     1                2.8    -1.8        0
DAYS MIN <= 0      0                0.0     0.0        0

PRECIPITATION (INCHES)
RECORD
 MAXIMUM        8.42   1954
 MINIMUM        0.22   1924
TOTALS          4.71               2.83    1.88     3.76
DAYS >= .01       16               10.9     5.1       13
DAYS >= .10       11                6.2     4.8        9
DAYS >= .50        4                1.9     2.1        1
DAYS >= 1.00       1                0.4     0.6        1
GREATEST
 24 HR. TOTAL   1.54   10/29 TO 10/29               1.85

SNOWFALL (INCHES)
RECORDS
 TOTAL           6.8   1952
TOTALS             T                0.4    -0.4        T
SINCE 7/1          T                0.4    -0.4        0
DAYS >= 1.0        0                0.1    -0.1        0
GREATEST
 24 HR TOTAL       T

DEGREE DAYS
HEATING TOTAL    338                416     -78      259
 SINCE 7/1       420                555    -135      398
COOLING TOTAL      9                  6       3       41
 SINCE 1/1      1055                652     403       66
..............................................................

WIND (MPH)
AVERAGE WIND SPEED              8.2
HIGHEST WIND SPEED/DIRECTION    26/210    DATE  10/15
HIGHEST GUST SPEED/DIRECTION    36/190    DATE  10/23

SKY COVER
AVERAGE SKY COVER           0.67

AVERAGE RH (PERCENT)     71

WEATHER CONDITIONS. NUMBER OF DAYS WITH
THUNDERSTORM              3     MIXED PRECIP               0
HEAVY RAIN                2     RAIN                       5
LIGHT RAIN               17     FREEZING RAIN              0
LT FREEZING RAIN          0     HAIL                       1
HEAVY SNOW                0     SNOW                       0
LIGHT SNOW                0     SLEET                      0
FOG                      21     FOG W/VIS <= 1/4 MILE      2
HAZE                     10

-  INDICATES NEGATIVE NUMBERS.
R  INDICATES RECORD WAS SET OR TIED.
MM INDICATES DATA IS MISSING.
T  INDICATES TRACE AMOUNT.

$$
