000
CXUS55 KABQ 011710
CLMCAO

ABQCLMCAO 000
TTAA00 KABQ 011617


CLIMATE REPORT
NATIONAL WEATHER SERVICE ALBUQUERQUE NM
1010 AM MST SUN NOV 1 2020

...................................

...THE CLAYTON  NM CLIMATE SUMMARY FOR THE MONTH OF OCTOBER 2020...

CLIMATE NORMAL PERIOD 1981 TO 2010
CLIMATE RECORD PERIOD 1896 TO 2020

WEATHER         OBSERVED          NORMAL  DEPART  LAST YEAR`S
                 VALUE   DATE(S)  VALUE   FROM    VALUE  DATE(S)
                                          NORMAL
................................................................
TEMPERATURE (F)
RECORD
 HIGH              93   10/03/2000
                        10/17/1926
 LOW                6   10/30/2019
HIGHEST            89   10/14        MM      MM       83  10/09
                        10/09                             10/02
LOWEST             12   10/26        MM      MM        6  10/30
AVG. MAXIMUM     68.8              68.5     0.3     63.3
AVG. MINIMUM     38.0              41.1    -3.1     34.2
MEAN             53.4              54.8    -1.4     48.7
DAYS MAX >= 90      0               0.1    -0.1        0
DAYS MAX <= 32      2               0.1     1.9        3
DAYS MIN <= 32     10               3.6     6.4       14
DAYS MIN <= 0       0               0.0     0.0        0

PRECIPITATION (INCHES)
RECORD
 MAXIMUM           MM   MM
 MINIMUM           MM   MM
TOTALS           0.99              1.11   -0.12     0.30
DAILY AVG.       0.03              0.04   -0.01     0.01
DAYS >= .01         4               4.7    -0.7        5
DAYS >= .10         3               2.5     0.5        1
DAYS >= .50         0               0.5    -0.5        0
DAYS >= 1.00        0               0.3    -0.3        0
GREATEST
 24 HR. TOTAL    0.42   10/27 TO 10/27              0.18

SNOWFALL (INCHES)
RECORDS
 TOTAL             MM   MM
TOTALS           12.2               0.8    11.4      2.0
SINCE 7/1        12.2               1.1    11.1      2.0
SNOWDEPTH AVG.      1                MM      MM        0
DAYS >= 1.0         3               0.2     2.8        2
GREATEST
 SNOW DEPTH         8   10/28                          0  MM
 24 HR TOTAL      5.5   10/27 TO 10/27               1.0

DEGREE_DAYS
HEATING TOTAL     384               326      58      497
 SINCE 7/1        480               410      70      502
COOLING TOTAL      32                10      22        3
 SINCE 1/1       1194               909     285     1132
.................................................................

WIND (MPH)
AVERAGE WIND SPEED              12.8
HIGHEST WIND SPEED/DIRECTION    39/350    DATE  10/28
HIGHEST GUST SPEED/DIRECTION    55/340    DATE  10/28

SKY COVER
AVERAGE SKY COVER           0.20

AVERAGE RH (PERCENT)     45

WEATHER CONDITIONS. NUMBER OF DAYS WITH
THUNDERSTORM        0            MIXED PRECIP          1
HEAVY RAIN          0            RAIN                  0
LIGHT RAIN          0            FREEZING RAIN         1
LT FREEZING RAIN    1            HAIL                  0
HEAVY SNOW          3            SNOW                  2
LIGHT SNOW          3            SLEET                 0
FOG                 5            FOG W/VIS <= 1/4 MILE 3
HAZE                14

-  INDICATES NEGATIVE NUMBERS.
R  INDICATES RECORD WAS SET OR TIED.
MM INDICATES DATA IS MISSING.
T  INDICATES TRACE AMOUNT.

$$
