378
CXAK58 PACD 011300
CLMCDB


CLIMATE REPORT
NATIONAL WEATHER SERVICE ANCHORAGE, AK
350 AM AKST SUN NOV 1 2020

...................................

...THE COLD BAY CLIMATE SUMMARY FOR THE MONTH OF OCTOBER 2020...

CLIMATE NORMAL PERIOD 1981 TO 2010
CLIMATE RECORD PERIOD 1942 TO 2020

WEATHER         OBSERVED          NORMAL  DEPART  LAST YEAR`S
                 VALUE   DATE(S)  VALUE   FROM    VALUE  DATE(S)
                                          NORMAL
................................................................
TEMPERATURE (F)
RECORD
 HIGH              69   10/26/1964
                        10/13/1954
 LOW                6   10/31/1999
HIGHEST            55                MM      MM       56
LOWEST             25                MM      MM       31
AVG. MAXIMUM     48.0              45.5     2.5     50.5
AVG. MINIMUM     36.3              35.4     0.9     38.9
MEAN             42.1              40.4     1.7     44.7
DAYS MAX >= 90      0               0.0     0.0        0
DAYS MAX <= 32      0               0.1    -0.1        0
DAYS MIN <= 32      9               7.7     1.3        5
DAYS MIN <= 0       0               0.0     0.0        0

PRECIPITATION (INCHES)
RECORD
 MAXIMUM           MM   MM
 MINIMUM           MM   MM
TOTALS           3.01              4.76   -1.75     7.20
DAILY AVG.       0.10              0.15   -0.05     0.23
DAYS >= .01        24              24.6    -0.6       24
DAYS >= .10         9              12.7    -3.7       16
DAYS >= .50         2               2.3    -0.3        6
DAYS >= 1.00        0               0.5    -0.5        1
GREATEST
 24 HR. TOTAL    0.64   10/02 TO 10/02           10/26 TO 10/26
                                                          10/26 TO 10/26EATHER         OBSERVED          NORMAL  DEPART  LAST YEAR`S
                                                          10/26 TO 10/26EATHER         OBSERVED          NORMAL  DEPART  LAST YEAR`S
 STORM TOTAL       MM                                 MM
 (MM/DD(HH))            MM                    10/26(00) TO 10/26(00)
                                                 10/26(00) TO 10/26(00)6EATHER         OBSERVED          NORMAL  DEPART  LAST YEAR`S
                                                 10/26(00) TO 10/26(00)6EATHER         OBSERVED          NORMAL  DEPART  LAST YEAR`S

DEGREE_DAYS
HEATING TOTAL     699               761     -62      621
 SINCE 7/1       1918              2107    -189     1531
COOLING TOTAL       0                 0       0        0
 SINCE 1/1          0                 0       0        0

FREEZE DATES
RECORD
 EARLIEST     MM
 LATEST       MM
EARLIEST      10/11             MM
LATEST                          MM
.................................................................

WIND (MPH)
AVERAGE WIND SPEED              13.6
RESULTANT WIND SPEED/DIRECTION   2/289
HIGHEST WIND SPEED/DIRECTION    46/080    DATE  10/21
HIGHEST GUST SPEED/DIRECTION    62/070    DATE  10/21

SKY COVER
POSSIBLE SUNSHINE (PERCENT)   MM
AVERAGE SKY COVER           0.70
NUMBER OF DAYS FAIR            7
NUMBER OF DAYS PC              9
NUMBER OF DAYS CLOUDY         11

AVERAGE RH (PERCENT)     79

WEATHER CONDITIONS. NUMBER OF DAYS WITH
  0
  6
  0
  0
  0
  0
  0
HAZE                      4

-  INDICATES NEGATIVE NUMBERS.
R  INDICATES RECORD WAS SET OR TIED.
MM INDICATES DATA IS MISSING.
T  INDICATES TRACE AMOUNT.

$$
