000
CXUS54 KLUB 020014
CLMCDS

CLIMATE REPORT
NATIONAL WEATHER SERVICE LUBBOCK TX
614 PM CST TUE DEC 01 2020

...................................

...THE CHILDRESS CLIMATE SUMMARY FOR THE MONTH OF NOVEMBER 2020...

CLIMATE NORMAL PERIOD 1981 TO 2010
CLIMATE RECORD PERIOD 1893 TO 2020

WEATHER         OBSERVED          NORMAL  DEPART   LAST YEAR`S
                VALUE   DATE(S)   VALUE   FROM     VALUE DATE(S)
                                          NORMAL
................................................................
TEMPERATURE (F)
RECORD
 HIGH             93   11/03/2005
                       11/05/1945
 LOW               6   11/21/1906
HIGHEST           86   11/19                          83  11/10
LOWEST            23   11/30                          12  11/12
AVG. MAXIMUM    69.3               64.8     4.5     62.4
AVG. MINIMUM    41.9               38.5     3.4     34.9
MEAN            55.6               51.6     4.0     48.7
DAYS MAX >= 90     0                0.0     0.0        0
DAYS MAX <= 32     0                0.0     0.0        0
DAYS MIN <= 32     2                6.7    -4.7        9
DAYS MIN <= 0      0                0.0     0.0        0

PRECIPITATION (INCHES)
RECORD
 MAXIMUM        6.72   2004
 MINIMUM        0.00   1949
TOTALS          0.51               1.25   -0.74     0.61
DAILY AVG.      0.02               0.04   -0.02     0.02
DAYS >= .01        2                4.6    -2.6        8
DAYS >= .10        2                2.3    -0.3        3
DAYS >= .50        0                0.9    -0.9        0
DAYS >= 1.00       0                0.2    -0.2        0
GREATEST
 24 HR. TOTAL   0.35   11/28 TO 11/28

SNOWFALL (INCHES)
RECORDS
 TOTAL          14.0   1918
TOTALS           0.0                0.7    -0.7      0.0
SINCE 7/1        1.6                0.9     0.7        0
SNOWDEPTH AVG.     0                                   0
DAYS >= TRACE      0                0.0     0.0        0
DAYS >= 1.0        0                0.0     0.0        0
GREATEST
 SNOW DEPTH        0                                   0
 24 HR TOTAL     0.0                                   0

DEGREE DAYS
HEATING TOTAL    288                408    -120      483
 SINCE 7/1       548                560     -12       MM
COOLING TOTAL     15                  7       8        0
 SINCE 1/1      2421               2207     214       MM
................................................................

WIND (MPH)
AVERAGE WIND SPEED              10.1
HIGHEST WIND SPEED/DIRECTION    33/280    DATE  11/14
                                33/280          11/24
HIGHEST GUST SPEED/DIRECTION    46/280    DATE  11/14

SKY COVER
POSSIBLE SUNSHINE (PERCENT)   MM
AVERAGE SKY COVER           0.20
NUMBER OF DAYS FAIR           23
NUMBER OF DAYS PC              4
NUMBER OF DAYS CLOUDY          3

AVERAGE RH (PERCENT)     54

WEATHER CONDITIONS. NUMBER OF DAYS WITH
THUNDERSTORM              1     MIXED PRECIP               0
HEAVY RAIN                2     RAIN                       2
LIGHT RAIN                3     FREEZING RAIN              0
LT FREEZING RAIN          0     HAIL                       0
HEAVY SNOW                0     SNOW                       0
LIGHT SNOW                0     SLEET                      0
FOG                       4     FOG W/VIS <= 1/4 MILE      1
HAZE                      0

-  INDICATES NEGATIVE NUMBERS.
R  INDICATES RECORD WAS SET OR TIED.
MM INDICATES DATA IS MISSING.
T  INDICATES TRACE AMOUNT.

$$
