000
CXUS56 KEKA 061237
CLMCEC

CLIMATE REPORT
NATIONAL WEATHER SERVICE
535 AM PDT SUN SEP 06 2020

...................................

...THE CRESCENT CITY CA CLIMATE SUMMARY FOR THE MONTH OF AUGUST 2020...

CLIMATE NORMAL PERIOD: 1981 TO 2010
CLIMATE RECORD PERIOD: 1894 TO 2020

WEATHER         OBSERVED          NORMAL  DEPART   LAST YEAR`S
                VALUE   DATE(S)   VALUE   FROM     VALUE
                                          NORMAL
..............................................................
TEMPERATURE (F)
HIGHEST           82   08/15         MM      MM       70
LOWEST            48   08/08         MM      MM       47
AVG. MAXIMUM    65.5               62.4     3.1
AVG. MINIMUM    53.6               51.7     1.9
MEAN            59.6               57.0     2.6     59.9
DAYS MAX >= 90     0
DAYS MIN <= 32     0

PRECIPITATION (INCHES)
RECORD
 MAXIMUM          MM   MM
TOTALS          0.02               0.52   -0.50     0.64
DAYS >= .01        2
DAYS >= .10        0
DAYS >= .50        0
DAYS >= 1.00       0


DEGREE DAYS
HEATING TOTAL    166                246     -80
COOLING TOTAL      4                  0       4
..............................................................

WIND (MPH)
AVERAGE WIND SPEED              6.9
RESULTANT WIND SPEED/DIRECTION   2/320
HIGHEST WIND SPEED/DIRECTION    31/340    DATE  08/30
HIGHEST GUST SPEED/DIRECTION    43/350    DATE  08/30

SKY COVER
AVERAGE SKY COVER           0.52


WEATHER CONDITIONS. NUMBER OF DAYS WITH
THUNDERSTORM              0     HEAVY RAIN                 0
RAIN                      0     LIGHT RAIN                 2
SNOW                      0     LIGHT SNOW                 0
FOG                      20     FOG W/VIS <= 1/4 MILE     15
HAZE                     31

-  INDICATES NEGATIVE NUMBERS.
R  INDICATES RECORD WAS SET OR TIED.
MM INDICATES DATA IS MISSING.
T  INDICATES TRACE AMOUNT.

$$
