000
CXUS54 KMRX 021717
CLMCHA

CLIMATE REPORT
NATIONAL WEATHER SERVICE MORRISTOWN, TN
1217 PM EST WED DEC 02 2020

...................................

...THE CHATTANOOGA AIRPORT CLIMATE SUMMARY FOR THE MONTH OF NOVEMBER 2020...

CLIMATE NORMAL PERIOD: 1981 TO 2010
CLIMATE RECORD PERIOD: 1879 TO 2020

WEATHER         OBSERVED          NORMAL  DEPART
                VALUE   DATE(S)   VALUE   FROM
                                          NORMAL
................................................
TEMPERATURE (F)
HIGHEST           82   11/09
LOWEST            32   11/19
AVG. MAXIMUM    67.5               62.3     5.2
AVG. MINIMUM    43.5               40.2     3.3
MEAN            55.5               51.2     4.3
DAYS MAX >= 90     0
DAYS MAX <= 32     0
DAYS MIN <= 32     1
DAYS MIN <= 0      0

PRECIPITATION (INCHES)
RECORD
 MAXIMUM       13.59   1948
 MINIMUM        0.16   1890
TOTALS          3.67               5.00   -1.33
DAYS >= .01        7
DAYS >= .10        4
DAYS >= .50        2
DAYS >= 1.00       1
GREATEST
 24 HR. TOTAL   2.52   11/10 TO 11/11

SNOWFALL (INCHES)
TOTALS             T                  T     0.0
SINCE 7/1          T
SNOWDEPTH AVG.     T
DAYS >= TRACE      1
GREATEST
 SNOW DEPTH        T   11/30

DEGREE DAYS
HEATING TOTAL    292                417    -125
 SINCE 7/1       360                587    -227
COOLING TOTAL     13                  4       9
 SINCE 1/1      2107               1741     366
................................................


WEATHER CONDITIONS. NUMBER OF DAYS WITH
THUNDERSTORM              0     RAIN                       5
SNOW                      0     FOG                       19
FOG W/VIS <= 1/4 MILE     1

-  INDICATES NEGATIVE NUMBERS.
R  INDICATES RECORD WAS SET OR TIED.
MM INDICATES DATA IS MISSING.
T  INDICATES TRACE AMOUNT.

$$
