000
CXUS53 KDVN 011624
CLMCID

CLIMATE REPORT
NATIONAL WEATHER SERVICE QUAD CITIES IA IL
1024 AM CST TUE DEC 01 2020

...................................

...THE CEDAR RAPIDS IA CLIMATE SUMMARY FOR THE MONTH OF NOVEMBER 2020...

CLIMATE NORMAL PERIOD 1981 TO 2010
CLIMATE RECORD PERIOD 1891 TO 2020

WEATHER         OBSERVED          NORMAL  DEPART
                VALUE   DATE(S)   VALUE   FROM
                                          NORMAL
..............................................................
TEMPERATURE (F)
RECORD
 HIGH             79   11/07/1915
 LOW             -12   11/29/1891
HIGHEST           74   11/08         55      19
                       11/09
LOWEST            15   11/30         20      -5
AVG. MAXIMUM    52.6               46.5     6.1
AVG. MINIMUM    29.7               27.8     1.9
MEAN            41.2               37.1     4.1
DAYS MAX >= 90     0
DAYS MAX <= 32     1
DAYS MIN <= 32    21
DAYS MIN <= 0      0

PRECIPITATION (INCHES)
TOTALS          2.15               2.11    0.04
DAILY AVG.      0.07               0.07   -0.00
DAYS >= .01        6
DAYS >= .10        4
DAYS >= .50        2
DAYS >= 1.00       0
GREATEST
 24 HR. TOTAL   0.99   11/10 TO 11/10


DEGREE DAYS
HEATING TOTAL    707                836    -129
 SINCE 7/1      1442               1446      -4
COOLING TOTAL      0                  0       0
 SINCE 1/1       792                748      44
..............................................................

WIND (MPH)
AVERAGE WIND SPEED              11.2
HIGHEST WIND SPEED/DIRECTION    40/290    DATE  11/15
HIGHEST GUST SPEED/DIRECTION    54/290    DATE  11/15

SKY COVER
POSSIBLE SUNSHINE (PERCENT)   MM
AVERAGE SKY COVER           0.28
NUMBER OF DAYS FAIR           21
NUMBER OF DAYS PC              5
NUMBER OF DAYS CLOUDY          4

AVERAGE RH (PERCENT)     73

WEATHER CONDITIONS. NUMBER OF DAYS WITH
THUNDERSTORM              0     HAIL                       0
SLEET                     0     FOG                       14
FOG W/VIS <= 1/4 MILE     2     HAZE                       6

-  INDICATES NEGATIVE NUMBERS.
R  INDICATES RECORD WAS SET OR TIED.
MM INDICATES DATA IS MISSING.
T  INDICATES TRACE AMOUNT.

$$
