055
CXUS51 KCLE 042002
CLMCLE

CLIMATE REPORT
NATIONAL WEATHER SERVICE CLEVELAND, OH
302 PM EST WED NOV 04 2020

...................................

...THE CLEVELAND OH CLIMATE SUMMARY FOR THE MONTH OF OCTOBER 2020...

CLIMATE NORMAL PERIOD 1981 TO 2010
CLIMATE RECORD PERIOD 1871 TO 2020

WEATHER         OBSERVED          NORMAL  DEPART   LAST YEAR`S
                VALUE   DATE(S)   VALUE   FROM     VALUE
                                          NORMAL
..............................................................
TEMPERATURE (F)
RECORD
 HIGH             93   10/01/2019
 LOW              19   10/31/1988
HIGHEST           79   10/22
LOWEST            31   10/31
AVG. MAXIMUM    60.5               62.3    -1.8     68.4
AVG. MINIMUM    46.1               45.4     0.7     47.4
MEAN            53.3               53.8    -0.5     57.9
DAYS MAX >= 90     0                0.0     0.0        1
DAYS MAX <= 32     0                0.0     0.0        0
DAYS MIN <= 32     1                0.9     0.1        0
DAYS MIN <= 0      0                0.0     0.0        0

PRECIPITATION (INCHES)
RECORD
 MAXIMUM       10.40   2012
 MINIMUM        0.47   1886
TOTALS          7.30               3.07    4.23     3.32
DAYS >= .01       19               11.4     7.6       12
DAYS >= .10       14                6.9     7.1        7
DAYS >= .50        6                1.9     4.1        3
DAYS >= 1.00       1                0.4     0.6        0
GREATEST
 24 HR. TOTAL   2.67   10/20 TO 10/21               1.07

SNOWFALL (INCHES)
RECORDS
 TOTAL           8.0   1962
TOTALS           0.0                0.2    -0.2        T
SINCE 7/1        0.0                0.2    -0.2        0
DAYS >= 1.0        0                0.1    -0.1        0
GREATEST
 24 HR TOTAL     0.0

DEGREE DAYS
HEATING TOTAL    361                357       4      255
 SINCE 7/1       450                459      -9      360
COOLING TOTAL      5                 12      -7       42
 SINCE 1/1       906                816      90       67
..............................................................

WIND (MPH)
AVERAGE WIND SPEED              8.8
HIGHEST WIND SPEED/DIRECTION    39/250    DATE  10/23
HIGHEST GUST SPEED/DIRECTION    50/260    DATE  10/23

SKY COVER
AVERAGE SKY COVER           0.67

AVERAGE RH (PERCENT)     73

WEATHER CONDITIONS. NUMBER OF DAYS WITH
THUNDERSTORM              4     MIXED PRECIP               0
HEAVY RAIN                3     RAIN                       5
LIGHT RAIN               21     FREEZING RAIN              0
LT FREEZING RAIN          0     HAIL                       0
HEAVY SNOW                0     SNOW                       0
LIGHT SNOW                0     SLEET                      0
FOG                      17     FOG W/VIS <= 1/4 MILE      0
HAZE                      1

-  INDICATES NEGATIVE NUMBERS.
R  INDICATES RECORD WAS SET OR TIED.
MM INDICATES DATA IS MISSING.
T  INDICATES TRACE AMOUNT.

$$
