000
CXUS54 KHGX 010957
CLMCLL

CLIMATE REPORT
NATIONAL WEATHER SERVICE HOUSTON/GALVESTON TX
350 AM CST SUN NOV 1 2020

...................................

...THE COLLEGE STATION CLIMATE SUMMARY FOR THE MONTH OF OCTOBER 2020...

CLIMATE NORMAL PERIOD 1981 TO 2010
CLIMATE RECORD PERIOD 1902 TO 2020

WEATHER         OBSERVED          NORMAL  DEPART  LAST YEAR`S
                 VALUE   DATE(S)  VALUE   FROM    VALUE  DATE(S)
                                          NORMAL
................................................................
TEMPERATURE (F)
RECORD
 HIGH             102   10/02/1938
 LOW               29   10/31/1993
                        10/30/1917
HIGHEST            94   10/11        MM      MM       97  10/05
LOWEST             39   10/29        MM      MM       36  10/31
AVG. MAXIMUM     82.1              81.4     0.7     82.3
AVG. MINIMUM     59.0              60.3    -1.3     60.4
MEAN             70.6              70.8    -0.2     71.3
DAYS MAX >= 90      4               2.8     1.2       11
DAYS MAX <= 32      0               0.0     0.0        0
DAYS MIN <= 32      0               0.0     0.0        0
DAYS MIN <= 0       0               0.0     0.0        0

PRECIPITATION (INCHES)
RECORD
 MAXIMUM        18.77   1994
 MINIMUM         0.00   1952
TOTALS           0.45              4.91   -4.46     3.06
DAILY AVG.       0.01              0.16   -0.15     0.10
DAYS >= .01         4               7.6    -3.6        8
DAYS >= .10         3               5.1    -2.1        7
DAYS >= .50         0               3.2    -3.2        3
DAYS >= 1.00        0               1.5    -1.5        0
GREATEST
 24 HR. TOTAL    0.17   10/28 TO 10/28

SNOWFALL (INCHES)
RECORDS
 TOTAL            0.0   2002
                        2001
TOTALS            0.0               0.0     0.0      0.0
SINCE 7/1         0.0               0.0     0.0      0.0
SNOWDEPTH AVG.      0                MM      MM        0
DAYS >= 1.0         0               0.0     0.0        0
GREATEST
 SNOW DEPTH         0   MM                             0  MM
 24 HR TOTAL      0.0   10/31 TO 10/31

DEGREE_DAYS
HEATING TOTAL      67                35      32       63
 SINCE 7/1         67                37      30       63
COOLING TOTAL     249               216      33      265
 SINCE 1/1       3274              3012     262     3340
.................................................................

WIND (MPH)
AVERAGE WIND SPEED              7.9
HIGHEST WIND SPEED/DIRECTION    35/360    DATE  10/23
HIGHEST GUST SPEED/DIRECTION    43/350    DATE  10/23

SKY COVER
AVERAGE SKY COVER           0.40

AVERAGE RH (PERCENT)     68

WEATHER CONDITIONS. NUMBER OF DAYS WITH
THUNDERSTORM              1     MIXED PRECIP                0
HEAVY RAIN                1     RAIN                        2
LIGHT RAIN                7     FREEZING RAIN               0
LT FREEZING RAIN          0     HAIL                        0
HEAVY SNOW                0     SNOW                        0
LIGHT SNOW                0     SLEET                       0
FOG                      12     FOG W/VIS <= 1/4 MILE       3
HAZE                      3

-  INDICATES NEGATIVE NUMBERS.
R  INDICATES RECORD WAS SET OR TIED.
MM INDICATES DATA IS MISSING.
T  INDICATES TRACE AMOUNT.

$$
