000
CXUS52 KGSP 011452
CLMCLT

CLIMATE REPORT
NATIONAL WEATHER SERVICE GREENVILLE-SPARTANBURG SC
952 AM EST SUN NOV 01 2020

...................................

...THE CHARLOTTE NC CLIMATE SUMMARY FOR THE MONTH OF OCTOBER 2020...

CLIMATE NORMAL PERIOD 1981 TO 2010
CLIMATE RECORD PERIOD 1878 TO 2020

WEATHER         OBSERVED          NORMAL  DEPART   LAST YEAR`S
                VALUE   DATE(S)   VALUE   FROM     VALUE DATE(S)
                                          NORMAL
................................................................
TEMPERATURE (F)
RECORD
 HIGH             99   10/02/2019
 LOW              24   10/27/1962
HIGHEST           86   10/08         MM      MM       99  10/02
LOWEST            41   10/31         MM      MM       39  10/24
                                                          10/18
AVG. MAXIMUM    75.8               71.8     4.0     78.5
AVG. MINIMUM    53.5               48.8     4.7     55.6
MEAN            64.7               60.3     4.4     67.1
DAYS MAX >= 90     0                0.2    -0.2        4
DAYS MAX <= 32     0                0.0     0.0        0
DAYS MIN <= 32     0                1.0    -1.0        0
DAYS MIN <= 0      0                0.0     0.0        0

PRECIPITATION (INCHES)
RECORD
 MAXIMUM       14.72   1990
 MINIMUM           T   2000
TOTALS          6.56               3.40    3.16     6.00
DAILY AVG.      0.21               0.11    0.10     0.19
DAYS >= .01        8                6.9     1.1       11
DAYS >= .10        5                4.5     0.5        9
DAYS >= .50        3                2.0     1.0        6
DAYS >= 1.00       3                1.1     1.9        3
GREATEST
 24 HR. TOTAL   3.81   10/10 TO 10/11               1.63  10/30 TO 10/31
 STORM TOTAL    2.91                                  MM
 (MM/DD(HH))            MM

SNOWFALL (INCHES)
RECORDS
 TOTAL             T   1887
 24 HR TOTAL      MM
 SNOW DEPTH       MM   MM
TOTALS           0.0                0.0     0.0      0.0
 LIQUID EQUIV   0.00               0.00    0.00     0.00
SINCE 7/1        0.0                0.0     0.0       MM
 LIQUID 7/1     0.00               0.00    0.00       MM
SNOWDEPTH AVG.     0                                   0
DAYS >= TRACE      0                0.0     0.0        0
DAYS >= 1.0        0                0.0     0.0        0
GREATEST
 SNOW DEPTH        0                                   0  MM
 24 HR TOTAL      MM    MM                           0.0
 STORM TOTAL     0.0                                  MM
 (MM/DD(HH))            MM

DEGREE DAYS
HEATING TOTAL     74                183    -109       57
 SINCE 7/1       102                207    -105       57
COOLING TOTAL     71                 38      33      127
 SINCE 1/1      1860               1513     347     2254

FREEZE DATES
RECORD
 EARLIEST     MM
 LATEST       MM
EARLIEST                        MM
LATEST                          03/08
................................................................

WIND (MPH)
AVERAGE WIND SPEED              5.4
HIGHEST WIND SPEED/DIRECTION    43/180    DATE  10/29
HIGHEST GUST SPEED/DIRECTION    57/160    DATE  10/29

SKY COVER
POSSIBLE SUNSHINE (PERCENT)   MM
AVERAGE SKY COVER           0.51
NUMBER OF DAYS FAIR           11
NUMBER OF DAYS PC             13
NUMBER OF DAYS CLOUDY          7

AVERAGE RH (PERCENT)     73

WEATHER CONDITIONS. NUMBER OF DAYS WITH
THUNDERSTORM              0     MIXED PRECIP               0
HEAVY RAIN                3     RAIN                       3
LIGHT RAIN                9     FREEZING RAIN              0
LT FREEZING RAIN          0     HAIL                       0
HEAVY SNOW                0     SNOW                       0
LIGHT SNOW                0     SLEET                      0
FOG                      20     FOG W/VIS <= 1/4 MILE      3
HAZE                      2

-  INDICATES NEGATIVE NUMBERS.
R  INDICATES RECORD WAS SET OR TIED.
MM INDICATES DATA IS MISSING.
T  INDICATES TRACE AMOUNT.

$$
