059
CXUS53 KILX 011559
CLMCMI

CLIMATE REPORT
NATIONAL WEATHER SERVICE LINCOLN IL
959 AM CST SUN NOV 01 2020

...................................

...THE CHAMPAIGN IL AIRPORT CLIMATE SUMMARY FOR THE MONTH OF OCTOBER 2020...

CLIMATE NORMAL PERIOD 1981 TO 2010
CLIMATE RECORD PERIOD 9999 TO 9999

WEATHER         OBSERVED          NORMAL  DEPART   LAST YEAR`S
                VALUE   DATE(S)   VALUE   FROM     VALUE
                                          NORMAL
..............................................................
TEMPERATURE (F)
RECORD
 HIGH             MM   MM
 LOW              MM   MM
HIGHEST           84   10/07         MM      MM       92
                       10/09
                       10/11
LOWEST            26   10/16         MM      MM       23
AVG. MAXIMUM    64.8               65.4    -0.6     65.2
AVG. MINIMUM    40.0               42.0    -2.0     42.5
MEAN            52.4               53.7    -1.3     53.8
DAYS MAX >= 90     0                0.1    -0.1        1
DAYS MAX <= 32     0                0.0     0.0        0
DAYS MIN <= 32     6                4.7     1.3        3
DAYS MIN <= 0      0                0.0     0.0        0

PRECIPITATION (INCHES)
RECORD
 MAXIMUM          MM   MM
 MINIMUM          MM   MM
TOTALS          1.93               3.14   -1.21     2.41
DAILY AVG.      0.06               0.10   -0.04     0.08
DAYS >= .01       14                 MM      MM        7
DAYS >= .10        4                 MM      MM        5
DAYS >= .50        1                 MM      MM        2
DAYS >= 1.00       0                 MM      MM        0
GREATEST
 24 HR. TOTAL   0.77   10/20 TO 10/21               0.70


DEGREE DAYS
HEATING TOTAL    400                369      31      368
 SINCE 7/1       466                461       5      371
COOLING TOTAL     19                 19       0       28
 SINCE 1/1      1059                944     115     1168
..............................................................

WIND (MPH)
AVERAGE WIND SPEED              9.7
HIGHEST WIND SPEED/DIRECTION    30/290    DATE  10/12
HIGHEST GUST SPEED/DIRECTION    49/190    DATE  10/14

AVERAGE RH (PERCENT)     69

WEATHER CONDITIONS. NUMBER OF DAYS WITH
THUNDERSTORM              3     MIXED PRECIP               0
HEAVY RAIN                2     RAIN                       5
LIGHT RAIN               15     FREEZING RAIN              0
LT FREEZING RAIN          0     HAIL                       0
HEAVY SNOW                0     SNOW                       0
LIGHT SNOW                0     SLEET                      0
FOG                      16     FOG W/VIS <= 1/4 MILE      3
HAZE                      3

-  INDICATES NEGATIVE NUMBERS.
R  INDICATES RECORD WAS SET OR TIED.
MM INDICATES DATA IS MISSING.
T  INDICATES TRACE AMOUNT.

$$
