062
CXUS53 KTOP 011437
CLMCNK


CLIMATE REPORT
NATIONAL WEATHER SERVICE TOPEKA KS
837 AM CST SUN NOV 1 2020

...................................

...THE CONCORDIA KS CLIMATE SUMMARY FOR THE MONTH OF OCTOBER 2020...

CLIMATE NORMAL PERIOD 1981 TO 2010
CLIMATE RECORD PERIOD 1885 TO 2020

WEATHER         OBSERVED          NORMAL  DEPART  LAST YEAR`S
                 VALUE   DATE(S)  VALUE   FROM    VALUE
                                          NORMAL
.............................................................
TEMPERATURE (F)
RECORD
 HIGH             102   10/05/1947
 LOW               14   10/31/1993
HIGHEST            94   10/07        75      19       85
LOWEST             22   10/26        37     -15       16
AVG. MAXIMUM     66.7              67.1    -0.4     63.0
AVG. MINIMUM     43.5              43.8    -0.3     40.1
MEAN             55.1              55.4    -0.3     51.5
DAYS MAX >= 90      4               0.4     3.6        0
DAYS MAX <= 32      1               0.0     1.0        0
DAYS MIN <= 32      5               2.9     2.1        8
DAYS MIN <= 0       0               0.0     0.0        0

PRECIPITATION (INCHES)
RECORD
 MAXIMUM         6.37   1959
 MINIMUM         0.00   1952
TOTALS           0.12              1.92   -1.80     1.24
DAILY AVG.       0.00              0.06   -0.06     0.04
DAYS >= .01         3               6.9    -3.9        8
DAYS >= .10         0               3.9    -3.9        4
DAYS >= .50         0               1.4    -1.4        0
DAYS >= 1.00        0               0.3    -0.3        0
GREATEST
 24 HR. TOTAL    0.09   10/26 TO 10/26              0.47

SNOWFALL (INCHES)
RECORDS
 TOTAL            4.6   1970
TOTALS            1.2               0.2     1.0      0.2
SINCE 7/1         1.2               0.2     1.0      0.2
SNOWDEPTH AVG.      0                                  0
DAYS >= 1.0         1               0.1     0.9        0
GREATEST
 SNOW DEPTH         1   10/27                         -1
                        10/26
 24 HR TOTAL      1.2   10/26 TO 10/26               0.2

DEGREE_DAYS
HEATING TOTAL     365               318      47      421
 SINCE 7/1        419               391      28      424
COOLING TOTAL      63                22      41        9
 SINCE 1/1       1712              1348     364     1657
..............................................................

WIND (MPH)
AVERAGE WIND SPEED              10.4
HIGHEST WIND SPEED/DIRECTION    44/330    DATE  10/11
HIGHEST GUST SPEED/DIRECTION    61/340    DATE  10/11

SKY COVER
POSSIBLE SUNSHINE (PERCENT)   MM
AVERAGE SKY COVER           0.30
NUMBER OF DAYS FAIR           23
NUMBER OF DAYS PC              1
NUMBER OF DAYS CLOUDY          7

AVERAGE RH (PERCENT)     53


-  INDICATES NEGATIVE NUMBERS.
R  INDICATES RECORD WAS SET OR TIED.
MM INDICATES DATA IS MISSING.
T  INDICATES TRACE AMOUNT.

$$
