681
CXUS53 KTOP 011428
CLMCNK

CLIMATE REPORT
NATIONAL WEATHER SERVICE TOPEKA KS
928 AM CDT TUE JUN 01 2021

...................................

...THE CONCORDIA KS CLIMATE SUMMARY FOR THE MONTH OF MAY 2021...

CLIMATE NORMAL PERIOD 1991 TO 2020
CLIMATE RECORD PERIOD 1885 TO 2021

WEATHER         OBSERVED          NORMAL  DEPART   LAST YEAR`S
                VALUE   DATE(S)   VALUE   FROM     VALUE
                                          NORMAL
..............................................................
TEMPERATURE (F)
RECORD
 HIGH            102   05/30/1998
                       05/29/1913
 LOW              24   05/01/1909
HIGHEST           85   05/01         80       5       85
LOWEST            37   05/05         47     -10       34
AVG. MAXIMUM    72.0               74.8    -2.8     72.6
AVG. MINIMUM    53.1               52.2     0.9     52.9
MEAN            62.6               63.5    -0.9     62.7
DAYS MAX >= 90     0                2.0    -2.0        0
DAYS MAX <= 32     0                0.0     0.0        0
DAYS MIN <= 32     0                0.2    -0.2        0
DAYS MIN <= 0      0                0.0     0.0        0

PRECIPITATION (INCHES)
RECORD
 MAXIMUM       13.15   1903
 MINIMUM        0.26   1966
TOTALS          4.69               4.34    0.35     3.26
DAILY AVG.      0.15               0.14    0.01     0.11
DAYS >= .01       10               11.9    -1.9       11
DAYS >= .10        8                7.1     0.9        8
DAYS >= .50        4                3.0     1.0        3
DAYS >= 1.00       2                1.1     0.9        0
GREATEST
 24 HR. TOTAL   1.62   05/16 TO 05/16               0.87

SNOWFALL (INCHES)
RECORDS
 TOTAL           0.3   1961
TOTALS           0.0                0.0     0.0      0.0
SINCE 7/1       19.5               19.3     0.2       MM
SNOWDEPTH AVG.     0                                   0
DAYS >= 1.0        0                0.0     0.0        0
GREATEST
 SNOW DEPTH        0                                   0
 24 HR TOTAL      MM                                 0.0

DEGREE DAYS
HEATING TOTAL    136                134       2      130
 SINCE 7/1      4919               5304    -385     4823
COOLING TOTAL     70                 87     -17       66
 SINCE 1/1        96                101      -5       81
..............................................................

WIND (MPH)
AVERAGE WIND SPEED              10.4
HIGHEST WIND SPEED/DIRECTION    39/170    DATE  05/26
HIGHEST GUST SPEED/DIRECTION    64/320    DATE  05/27

SKY COVER
POSSIBLE SUNSHINE (PERCENT)   MM
AVERAGE SKY COVER           0.53
NUMBER OF DAYS FAIR            9
NUMBER OF DAYS PC             12
NUMBER OF DAYS CLOUDY         10

AVERAGE RH (PERCENT)     71

WEATHER CONDITIONS. NUMBER OF DAYS WITH
THUNDERSTORM              8     MIXED PRECIP               0
HEAVY RAIN                6     RAIN                       6
LIGHT RAIN               17     FREEZING RAIN              0
LT FREEZING RAIN          0     HAIL                       0
HEAVY SNOW                0     SNOW                       0
LIGHT SNOW                0     SLEET                      0
FOG                      14     FOG W/VIS <= 1/4 MILE      2
HAZE                      4

-  INDICATES NEGATIVE NUMBERS.
R  INDICATES RECORD WAS SET OR TIED.
MM INDICATES DATA IS MISSING.
T  INDICATES TRACE AMOUNT.

$$
