830
CXUS53 KICT 031457
CLMCNU

CLIMATE REPORT
NATIONAL WEATHER SERVICE WICHITA KANSAS
857 AM CST TUE NOV 03 2020

...................................

...THE CHANUTE KS CLIMATE SUMMARY FOR THE MONTH OF OCTOBER 2020...

CLIMATE NORMAL PERIOD 1981 TO 2010
CLIMATE RECORD PERIOD 1894 TO 2020

WEATHER         OBSERVED          NORMAL  DEPART   LAST YEAR`S
                VALUE   DATE(S)   VALUE   FROM     VALUE DATE(S)
                                          NORMAL
................................................................
TEMPERATURE (F)
RECORD
 HIGH             98   10/07/1963
 LOW              17   10/31/1993
HIGHEST           89   10/07                          91  10/02
                       10/11
                       10/14
LOWEST            30   10/26                          24  10/31
                       10/27
AVG. MAXIMUM    67.5               69.3    -1.8     67.1
AVG. MINIMUM    44.1               47.2    -3.1     44.9
MEAN            55.8               58.3    -2.5     56.0
DAYS MAX >= 90     0                0.1    -0.1        2
DAYS MAX <= 32     0                0.0     0.0        0
DAYS MIN <= 32     5                1.4     3.6        2
DAYS MIN <= 0      0                0.0     0.0        0

PRECIPITATION (INCHES)
RECORD
 MAXIMUM       12.02   1986
 MINIMUM        0.00   1958
                       1952
TOTALS          2.77               3.66   -0.89     4.17
DAILY AVG.      0.09               0.12   -0.03     0.13
DAYS >= .01        8                8.5    -0.5       12
DAYS >= .10        5                5.5    -0.5        9
DAYS >= .50        3                2.2     0.8        3
DAYS >= 1.00       0                1.2    -1.2        1
GREATEST
 24 HR. TOTAL   0.82   10/28 TO 10/29


DEGREE DAYS
HEATING TOTAL    324                241      83      307
 SINCE 7/1       352                288      64      307
COOLING TOTAL     50                 32      18       34
................................................................

WIND (MPH)
AVERAGE WIND SPEED              9.6
HIGHEST WIND SPEED/DIRECTION    36/190    DATE  10/17
HIGHEST GUST SPEED/DIRECTION    47/200    DATE  10/17

SKY COVER
POSSIBLE SUNSHINE (PERCENT)   MM
AVERAGE SKY COVER           0.38
NUMBER OF DAYS FAIR           18
NUMBER OF DAYS PC              4
NUMBER OF DAYS CLOUDY          9

AVERAGE RH (PERCENT)     66

WEATHER CONDITIONS. NUMBER OF DAYS WITH
THUNDERSTORM              4     MIXED PRECIP               0
HEAVY RAIN                3     RAIN                       4
LIGHT RAIN               10     FREEZING RAIN              2
LT FREEZING RAIN          2     HAIL                       0
HEAVY SNOW                0     SNOW                       0
LIGHT SNOW                1     SLEET                      0
FOG                      16     FOG W/VIS <= 1/4 MILE      2
HAZE                      2

-  INDICATES NEGATIVE NUMBERS.
R  INDICATES RECORD WAS SET OR TIED.
MM INDICATES DATA IS MISSING.
T  INDICATES TRACE AMOUNT.

$$
