000
CXUS53 KICT 032312
CLMCNU

CLIMATE REPORT
NATIONAL WEATHER SERVICE WICHITA KANSAS
612 PM CDT THU JUN 03 2021

...................................

...THE CHANUTE KS CLIMATE SUMMARY FOR THE MONTH OF MAY 2021...

CLIMATE NORMAL PERIOD 1991 TO 2020
CLIMATE RECORD PERIOD 1894 TO 2021

WEATHER         OBSERVED          NORMAL  DEPART   LAST YEAR`S
                VALUE   DATE(S)   VALUE   FROM     VALUE DATE(S)
                                          NORMAL
................................................................
TEMPERATURE (F)
RECORD
 HIGH             99   05/31/1934
 LOW              28   05/02/2005
                       05/01/1909
HIGHEST           86   05/26                          85  05/31
LOWEST            36   05/13                          37  05/09
AVG. MAXIMUM    72.8               77.8    -5.0     73.3
AVG. MINIMUM    55.0               56.1    -1.1     54.7
MEAN            63.9               66.9    -3.0     64.0
DAYS MAX >= 90     0                0.7    -0.7        0
DAYS MAX <= 32     0                0.0     0.0        0
DAYS MIN <= 32     0                0.1    -0.1        0
DAYS MIN <= 0      0                0.0     0.0        0

PRECIPITATION (INCHES)
RECORD
 MAXIMUM       18.35   1990
 MINIMUM        1.66   1988
TOTALS          5.42               5.87   -0.45     8.26
DAILY AVG.      0.17               0.19   -0.02     0.27
DAYS >= .01       16               12.3     3.7       13
DAYS >= .10       10                8.4     1.6       13
DAYS >= .50        3                3.9    -0.9        8
DAYS >= 1.00       2                1.6     0.4        1
GREATEST
 24 HR. TOTAL   2.05   05/19 TO 05/20


DEGREE DAYS
HEATING TOTAL    111                 70      41      112
 SINCE 7/1      4213               4225     -12     3995
COOLING TOTAL     85                131     -46       90
................................................................

WIND (MPH)
AVERAGE WIND SPEED              8.4
HIGHEST WIND SPEED/DIRECTION    37/290    DATE  05/27
HIGHEST GUST SPEED/DIRECTION    49/290    DATE  05/27

SKY COVER
POSSIBLE SUNSHINE (PERCENT)   MM
AVERAGE SKY COVER           0.56
NUMBER OF DAYS FAIR            6
NUMBER OF DAYS PC             17
NUMBER OF DAYS CLOUDY          8

AVERAGE RH (PERCENT)     74

WEATHER CONDITIONS. NUMBER OF DAYS WITH
THUNDERSTORM              6     MIXED PRECIP               0
HEAVY RAIN                7     RAIN                       7
LIGHT RAIN               17     FREEZING RAIN              0
LT FREEZING RAIN          0     HAIL                       0
HEAVY SNOW                0     SNOW                       0
LIGHT SNOW                0     SLEET                      0
FOG                      15     FOG W/VIS <= 1/4 MILE      2
HAZE                      2

-  INDICATES NEGATIVE NUMBERS.
R  INDICATES RECORD WAS SET OR TIED.
MM INDICATES DATA IS MISSING.
T  INDICATES TRACE AMOUNT.

$$
