000
CXUS55 KPUB 011842
CLMCOS

CLIMATE REPORT
NATIONAL WEATHER SERVICE
1142 AM MST SUN NOV 01 2020

...................................

...THE COLORADO SPRINGS CO CLIMATE SUMMARY FOR THE MONTH OF OCTOBER 2020...

CLIMATE NORMAL PERIOD 1981 TO 2010
CLIMATE RECORD PERIOD 1872 TO 2020

WEATHER         OBSERVED          NORMAL  DEPART   LAST YEAR`S
                VALUE   DATE(S)   VALUE   FROM     VALUE DATE(S)
                                          NORMAL
................................................................
TEMPERATURE (F)
RECORD
 HIGH             87   10/11/2015
                       10/03/1935
 LOW              -6   10/29/1917
HIGHEST           87R  10/08         69      18       81  10/17
                       10/14
LOWEST             1   10/27         28     -27        4  10/30
AVG. MAXIMUM    66.8               63.0     3.8     58.1
AVG. MINIMUM    35.2               35.8    -0.6     28.1
MEAN            51.0               49.4     1.6     43.1
DAYS MAX >= 90     0                0.0     0.0
DAYS MAX <= 32     2                0.4     1.6
DAYS MIN <= 32    10                8.9     1.1
DAYS MIN <= 0      0                0.0     0.0

PRECIPITATION (INCHES)
RECORD
 MAXIMUM        5.01   1984
 MINIMUM           T   2016
TOTALS          0.25               0.82   -0.57     0.82
DAILY AVG.      0.01               0.03   -0.02
DAYS >= .01        2                5.0    -3.0
DAYS >= .10        1                2.3    -1.3
DAYS >= .50        0                0.4    -0.4
DAYS >= 1.00       0                0.0     0.0
GREATEST
 24 HR. TOTAL   0.24   10/25 TO 10/26               0.34

SNOWFALL (INCHES)
RECORDS
 TOTAL          25.9   1984
TOTALS           3.2                2.9     0.3     12.6
SINCE 7/1        5.8                3.1     2.7       MM
SNOWDEPTH AVG.     0
DAYS >= 1.0        2                0.8     1.2
GREATEST
 SNOW DEPTH        3   10/26                           5
 24 HR TOTAL     3.2   10/25 TO 10/26                7.1

DEGREE DAYS
HEATING TOTAL    441                484     -43      690
 SINCE 7/1       578                675     -97       MM
COOLING TOTAL     13                  1      12        0
 SINCE 1/1       904                455     449       MM
................................................................

WIND (MPH)
AVERAGE WIND SPEED              9.2
HIGHEST WIND SPEED/DIRECTION    46/300    DATE  10/11
HIGHEST GUST SPEED/DIRECTION    64/310    DATE  10/11

SKY COVER
POSSIBLE SUNSHINE (PERCENT)   MM
AVERAGE SKY COVER           0.43
NUMBER OF DAYS FAIR           14
NUMBER OF DAYS PC             12
NUMBER OF DAYS CLOUDY          5

AVERAGE RH (PERCENT)     41

WEATHER CONDITIONS. NUMBER OF DAYS WITH
THUNDERSTORM              0     MIXED PRECIP               0
HEAVY RAIN                0     RAIN                       0
LIGHT RAIN                0     FREEZING RAIN              0
LT FREEZING RAIN          0     HAIL                       0
HEAVY SNOW                1     SNOW                       2
LIGHT SNOW                2     SLEET                      0
FOG                       4     FOG W/VIS <= 1/4 MILE      1
HAZE                     12

-  INDICATES NEGATIVE NUMBERS.
R  INDICATES RECORD WAS SET OR TIED.
MM INDICATES DATA IS MISSING.
T  INDICATES TRACE AMOUNT.

$$
