359
CXUS52 KILM 012027
CLMCRE

CLIMATE REPORT
NATIONAL WEATHER SERVICE WILMINGTON NC
327 PM EST SUN NOV 01 2020

...................................

...THE N.MYRTLE BEACH SOUTH CAROLINA CLIMATE SUMMARY FOR THE MONTH OF OCTOBER 2020...

CLIMATE NORMAL PERIOD 1981 TO 2010
CLIMATE RECORD PERIOD 1931 TO 2020

WEATHER         OBSERVED          NORMAL  DEPART   LAST YEAR`S
                VALUE   DATE(S)   VALUE   FROM     VALUE DATE(S)
                                          NORMAL
................................................................
TEMPERATURE (F)
RECORD
 HIGH             93   10/05/1951
 LOW              25   10/30/1952
HIGHEST           87   10/08         MM      MM       91  10/04
LOWEST            52   10/31         MM      MM       48  10/18
AVG. MAXIMUM    79.0               75.1     3.9     79.4
AVG. MINIMUM    62.6               55.7     6.9     61.9
MEAN            70.8               65.4     5.4     70.7
DAYS MAX >= 90     0                0.0     0.0        1
DAYS MAX <= 32     0                0.0     0.0        0
DAYS MIN <= 32     0                0.2    -0.2        0
DAYS MIN <= 0      0                0.0     0.0        0

PRECIPITATION (INCHES)
RECORD
 MAXIMUM       18.73   2015
 MINIMUM           T   1943
TOTALS          2.39               3.88   -1.49     4.14
DAILY AVG.      0.08               0.13   -0.05
DAYS >= .01        7                 MM      MM
DAYS >= .10        3                 MM      MM
DAYS >= .50        1                 MM      MM
DAYS >= 1.00       1                 MM      MM
GREATEST
 24 HR. TOTAL   1.76   10/10 TO 10/11


DEGREE DAYS
HEATING TOTAL      6                 86     -80       12
 SINCE 7/1         9                 91     -82
COOLING TOTAL    194                 99      95      196
 SINCE 1/1      2292               1883     409

FREEZE DATES
RECORD
 EARLIEST     MM
 LATEST       MM
EARLIEST                        01/01
LATEST                          03/29
................................................................

WIND (MPH)
AVERAGE WIND SPEED              6.6
RESULTANT WIND SPEED/DIRECTION   2/050
HIGHEST WIND SPEED/DIRECTION    35/210    DATE  10/29
HIGHEST GUST SPEED/DIRECTION    44/220    DATE  10/29

SKY COVER
AVERAGE SKY COVER           0.36

AVERAGE RH (PERCENT)     78

WEATHER CONDITIONS. NUMBER OF DAYS WITH
THUNDERSTORM              1     MIXED PRECIP              MM
HEAVY RAIN                2     RAIN                       4
LIGHT RAIN               10     FREEZING RAIN              0
LT FREEZING RAIN          0     HAIL                      MM
HEAVY SNOW                0     SNOW                       0
LIGHT SNOW                0     SLEET                     MM
FOG                      17     FOG W/VIS <= 1/4 MILE      4
HAZE                      0

-  INDICATES NEGATIVE NUMBERS.
R  INDICATES RECORD WAS SET OR TIED.
MM INDICATES DATA IS MISSING.
T  INDICATES TRACE AMOUNT.

$$
