000
CXUS51 KRLX 020745
CLMCRW

CLIMATE REPORT
NATIONAL WEATHER SERVICE CHARLESTON WV
245 AM EST WED DEC 02 2020

...................................

...THE CHARLESTON WV CLIMATE SUMMARY FOR THE MONTH OF NOVEMBER 2020...

CLIMATE NORMAL PERIOD: 1981 TO 2010
CLIMATE RECORD PERIOD: 1901 TO 2020

WEATHER         OBSERVED          NORMAL  DEPART   LAST YEAR`S
                VALUE   DATE(S)   VALUE   FROM     VALUE
                                          NORMAL
..............................................................
TEMPERATURE (F)
RECORD
 HIGH             87   11/23/1931
                       11/17/1931
 LOW               6   11/25/1950
                       11/30/1929
HIGHEST           82   11/10                          70
LOWEST            26   11/19                          14
AVG. MAXIMUM    62.7               57.0     5.7     52.7
AVG. MINIMUM    38.2               36.9     1.3     30.7
MEAN            50.4               47.0     3.4     41.7
DAYS MAX >= 90     0                0.0     0.0        0
DAYS MAX <= 32     0                0.4    -0.4        0
DAYS MAX >= 80     2                                  MM
DAYS MAX >= 100    0                                  MM
DAYS MIN <= 32     9               10.9    -1.9       16
DAYS MIN <= 0      0                0.0     0.0        0
DAYS MIN <= 10     0                                  MM

PRECIPITATION (INCHES)
RECORD
 MAXIMUM        9.12   2003
 MINIMUM        0.45   1904
TOTALS          2.79               3.73   -0.94     2.97
DAILY AVG.      0.09               0.12   -0.03     0.10
DAYS >= .01        7               11.7    -4.7        9
DAYS >= .10        3                6.8    -3.8        8
DAYS >= .50        2                2.7    -0.7        2
DAYS >= 1.00       1                0.8     0.2        0
GREATEST
 24 HR. TOTAL   1.75   11/11 TO 11/11               0.66

SNOWFALL (INCHES)
RECORDS
 TOTAL          25.8   1950
 24 HR TOTAL    12.6   11/24/1950 TO 11/24/1950
 SNOW DEPTH       19   11/26/1950
TOTALS           0.4                1.3    -0.9      1.5
SINCE 7/1        0.4                1.4    -1.0       MM
SNOWDEPTH AVG.     0                                   0
DAYS >= TRACE      3                1.6     1.4        2
DAYS >= 1.0        0                0.4    -0.4        1
GREATEST
 SNOW DEPTH        0                                   2
 24 HR TOTAL     0.4   11/30 TO 11/30                1.5

DEGREE DAYS
HEATING TOTAL    430                544    -114      691
 SINCE 7/1       711                885    -174      873
COOLING TOTAL      1                  2      -1        0
 SINCE 1/1      1313               1096     217     1514

FREEZE DATES
RECORD
 EARLIEST     MM
 LATEST       MM
EARLIEST                        10/17
LATEST                          05/10
..............................................................

WIND (MPH)
AVERAGE WIND SPEED              4.6
HIGHEST WIND SPEED/DIRECTION    37/230    DATE  11/15
HIGHEST GUST SPEED/DIRECTION    46/220    DATE  11/15
                                46/330          11/17

SKY COVER
POSSIBLE SUNSHINE (PERCENT)   MM
AVERAGE SKY COVER           0.47
NUMBER OF DAYS FAIR           11
NUMBER OF DAYS PC              9
NUMBER OF DAYS CLOUDY         10

AVERAGE RH (PERCENT)     66

WEATHER CONDITIONS. NUMBER OF DAYS WITH
THUNDERSTORM              0     MIXED PRECIP               0
HEAVY RAIN                1     RAIN                       4
LIGHT RAIN               11     FREEZING RAIN              0
LT FREEZING RAIN          0     HAIL                       0
HEAVY SNOW                0     SNOW                       0
LIGHT SNOW                2     SLEET                      1
FOG                      13     FOG W/VIS <= 1/4 MILE      2
HAZE                      0

-  INDICATES NEGATIVE NUMBERS.
R  INDICATES RECORD WAS SET OR TIED.
MM INDICATES DATA IS MISSING.
T  INDICATES TRACE AMOUNT.

$$
