224
CXUS52 KCAE 012316
CLMCUB


CLIMATE REPORT
NATIONAL WEATHER SERVICE COLUMBIA SC
601 PM EST SUN NOV 1 2020

...................................

...THE HAMILTON - OWENS AIRPORT SC CLIMATE SUMMARY FOR THE MONTH OF OCTOBER 2020...

CLIMATE NORMAL PERIOD 1981 TO 2010
CLIMATE RECORD PERIOD 9999 TO 9999

WEATHER         OBSERVED          NORMAL  DEPART
                 VALUE   DATE(S)  VALUE   FROM
                                          NORMAL
................................................
TEMPERATURE (F)
HIGHEST            88   10/08        MM      MM
LOWEST             47   10/31        MM      MM
AVG. MAXIMUM     79.8              76.2     3.6
AVG. MINIMUM     59.4              54.4     5.0
MEAN             69.6              65.3     4.3
DAYS MAX >= 90      0               0.5    -0.5
DAYS MAX <= 32      0               0.0     0.0
DAYS MIN <= 32      0               0.1    -0.1
DAYS MIN <= 0       0               0.0     0.0

PRECIPITATION (INCHES)
TOTALS           0.74              3.32   -2.58
DAYS >= .01         5                MM      MM
DAYS >= .10         3                MM      MM
DAYS >= .50         0                MM      MM
DAYS >= 1.00        0                MM      MM
GREATEST
 24 HR. TOTAL    0.26   10/10 TO 10/10

SNOWFALL (INCHES)
DAYS >= TRACE       0

DEGREE_DAYS
HEATING TOTAL      24                86     -62
 SINCE 7/1         28                89     -61
COOLING TOTAL     173                95      78
 SINCE 1/1       2441              2242     199
.................................................

WIND (MPH)
AVERAGE WIND SPEED              2.6
RESULTANT WIND SPEED/DIRECTION   1/121
HIGHEST WIND SPEED/DIRECTION    26/260    DATE  10/30
HIGHEST GUST SPEED/DIRECTION    37/250    DATE  10/29

SKY COVER
POSSIBLE SUNSHINE (PERCENT)   MM
AVERAGE SKY COVER           0.30
NUMBER OF DAYS FAIR           20
NUMBER OF DAYS PC              8
NUMBER OF DAYS CLOUDY          3

AVERAGE RH (PERCENT)     72

WEATHER CONDITIONS. NUMBER OF DAYS WITH
THUNDERSTORM              0     MIXED PRECIP               0
HEAVY RAIN                3     RAIN                       4
LIGHT RAIN                7     FREEZING RAIN              0
LT FREEZING RAIN          0     HAIL                       0
HEAVY SNOW                0     SNOW                       0
LIGHT SNOW                0     SLEET                      0
FOG                      18     FOG W/VIS <= 1/4 MILE      5
HAZE                      7

-  INDICATES NEGATIVE NUMBERS.
R  INDICATES RECORD WAS SET OR TIED.
MM INDICATES DATA IS MISSING.
T  INDICATES TRACE AMOUNT.

$$
