357
CXUS56 KSGX 010932
CLMCZZ


CLIMATE REPORT
NATIONAL WEATHER SERVICE SAN DIEGO, CA
232 AM PDT THU OCT 1 2020

...................................

...THE CAMPO ASOS CA CLIMATE SUMMARY FOR THE MONTH OF SEPTEMBER 2020...

CLIMATE NORMAL PERIOD 1981 TO 2010
CLIMATE RECORD PERIOD 1948 TO 2020

WEATHER         OBSERVED          NORMAL  DEPART  LAST YEAR`S
                 VALUE   DATE(S)  VALUE   FROM    VALUE  DATE(S)
                                          NORMAL
................................................................
TEMPERATURE (F)
RECORD
 HIGH             109   09/06/2020
 LOW               29   09/18/1973
                        09/28/1971
                        09/19/1955
HIGHEST           109R  09/06        89      20      100  09/01
LOWEST             43   09/25        49      -6       31  09/30
AVG. MAXIMUM     94.2              89.6     4.6     86.4
AVG. MINIMUM     52.6              48.7     3.9     50.4
MEAN             73.4              69.1     4.3     68.4
DAYS MAX >= 90     24              17.6     6.4       12
DAYS MAX <= 32      0               0.0     0.0        0
DAYS MIN <= 32      0               0.1    -0.1        1
DAYS MIN <= 0       0               0.0     0.0        0

PRECIPITATION (INCHES)
RECORD
 MAXIMUM         2.85   1976
 MINIMUM         0.00   2018
                        2009
                        2008
TOTALS           0.00R             0.34   -0.34     0.71
DAILY AVG.       0.00              0.01   -0.01     0.02
DAYS >= .01         0               2.1    -2.1        3
DAYS >= .10         0               0.9    -0.9        2
DAYS >= .50         0               0.2    -0.2        0
DAYS >= 1.00        0               0.0     0.0        0
GREATEST
 24 HR. TOTAL    0.00   09/30 TO 09/30           09/25 TO 09/25
                                                          09/30 TO 09/30EATHER         OBSERVED          NORMAL  DEPART  LAST YEAR`S
                                                          09/30 TO 09/30EATHER         OBSERVED          NORMAL  DEPART  LAST YEAR`S
 STORM TOTAL       MM                                 MM
 (MM/DD(HH))            MM                    09/25(00) TO 09/25(00)
                                                 09/30(00) TO 09/30(00)0EATHER         OBSERVED          NORMAL  DEPART  LAST YEAR`S
                                                 09/30(00) TO 09/30(00)0EATHER         OBSERVED          NORMAL  DEPART  LAST YEAR`S

DEGREE_DAYS
HEATING TOTAL       0                36     -36       50
 SINCE 7/1          3                50     -47       56
COOLING TOTAL     256               161      95      157
 SINCE 1/1       1002               811     191      803

FREEZE DATES
RECORD
 EARLIEST     08/25/1978
 LATEST       06/23/1991
EARLIEST                        10/16
LATEST                          05/19
.................................................................

WIND (MPH)
AVERAGE WIND SPEED              7.7
RESULTANT WIND SPEED/DIRECTION   2/068
HIGHEST WIND SPEED/DIRECTION    28/050    DATE  09/09
HIGHEST GUST SPEED/DIRECTION    38/060    DATE  09/09

AVERAGE RH (PERCENT)     36


-  INDICATES NEGATIVE NUMBERS.
R  INDICATES RECORD WAS SET OR TIED.
MM INDICATES DATA IS MISSING.
T  INDICATES TRACE AMOUNT.

$$
