000
CXUS53 KUNR 011630
CLMD07

CLIMATE REPORT
NATIONAL WEATHER SERVICE RAPID CITY SD
930 AM MST SUN NOV 01 2020

...................................

...THE FAITH SD CLIMATE SUMMARY FOR THE MONTH OF OCTOBER 2020...

CLIMATE NORMAL PERIOD 1981 TO 2010
CLIMATE RECORD PERIOD 9999 TO 9999

WEATHER         OBSERVED          NORMAL  DEPART   LAST YEAR`S
                VALUE   DATE(S)   VALUE   FROM     VALUE DATE(S)
                                          NORMAL
................................................................
TEMPERATURE (F)
HIGHEST           84   10/06                          76  10/08
LOWEST             1R  10/26                          10  10/30
AVG. MAXIMUM    51.3               58.5    -7.2     49.0
AVG. MINIMUM    29.0               35.0    -6.0     29.2
MEAN            40.1               46.8    -6.7     39.1
DAYS MAX >= 90     0                                   0
DAYS MAX <= 32     7                                   4
DAYS MIN <= 32    20                                  19
DAYS MIN <= 0      0                                   0

PRECIPITATION (INCHES)
TOTALS          1.38               1.55   -0.17     1.64
DAILY AVG.      0.04               0.05   -0.01     0.05
DAYS >= .01       11                                   9
DAYS >= .10        5                                   7
DAYS >= .50        0                                   1
DAYS >= 1.00       0                                   0
GREATEST
 24 HR. TOTAL   0.55   10/21 TO 10/22               0.50


DEGREE DAYS
HEATING TOTAL    766                567     199      795
 SINCE 7/1       947                799     148      979
COOLING TOTAL      1                  1       0        0
 SINCE 1/1       646                635      11      447
................................................................

WIND (MPH)
AVERAGE WIND SPEED              13.2
HIGHEST WIND SPEED/DIRECTION    48/300    DATE  10/31
HIGHEST GUST SPEED/DIRECTION    66/300    DATE  10/31

AVERAGE RH (PERCENT)     64


-  INDICATES NEGATIVE NUMBERS.
R  INDICATES RECORD WAS SET OR TIED.
MM INDICATES DATA IS MISSING.
T  INDICATES TRACE AMOUNT.

$$
