000
CXUS52 KMLB 011339
CLMDAB

CLIMATE REPORT
NATIONAL WEATHER SERVICE MELBOURNE FL
839 AM EST SUN NOV 01 2020

...................................

...THE DAYTONA BEACH CLIMATE SUMMARY FOR THE MONTH OF OCTOBER 2020...

CLIMATE NORMAL PERIOD 1981 TO 2010
CLIMATE RECORD PERIOD 1923 TO 2020

WEATHER         OBSERVED          NORMAL  DEPART   LAST YEAR`S
                VALUE   DATE(S)   VALUE   FROM     VALUE
                                          NORMAL
..............................................................
TEMPERATURE (F)
MONTHLY RECORD
 HOTTEST         79.3  2019
 COOLEST         68.6  1940
DAILY RECORD
 HIGH             95   10/02/1959
                       10/06/1934
 LOW              39   10/24/1937
OCTOBER 2020
HIGHEST           90   10/29                          92
LOWEST            59   10/31                          64
AVG. MAXIMUM    85.4               82.0     3.4     86.0
AVG. MINIMUM    71.8               65.9     5.9     72.5
MEAN            78.6               74.0     4.6     79.3
DAYS MAX >= 90     1                0.7     0.3        3
DAYS MAX <= 32     0                0.0     0.0        0
DAYS MIN <= 32     0                0.0     0.0        0
DAYS MIN <= 0      0                0.0     0.0        0

PRECIPITATION (INCHES)
MONTHLY RECORD
 MAXIMUM       24.82   1924
 MINIMUM        0.04   1940
DAILY RECORD
 MAXIMUM        12.85  10/10/1924
OCTOBER 2020
TOTALS          2.78               4.21   -1.43    13.82
DAYS >= .01       16               10.6     5.4       14
DAYS >= .10        5                6.1    -1.1        6
DAYS >= .50        1                2.6    -1.6        4
DAYS >= 1.00       1                1.4    -0.4        4
GREATEST
 24 HR. TOTAL   1.29   10/03 TO 10/04

SNOWFALL (INCHES)
TOTALS           0.0                0.0     0.0      0.0
SINCE 7/1        0.0                0.0     0.0       MM
DAYS >= TRACE      0                                   0

DEGREE DAYS
HEATING TOTAL      0                  8      -8        0
 SINCE 7/1         0                  7      -7        0
COOLING TOTAL    427                286     141      453
 SINCE 1/1      3361               2796     565     3441
..............................................................

WIND (MPH)
AVERAGE WIND SPEED              7.0
HIGHEST WIND SPEED/DIRECTION    25/060    DATE  10/18
HIGHEST GUST SPEED/DIRECTION    31/010    DATE  10/17
                                31/060          10/18

SKY COVER
POSSIBLE SUNSHINE (PERCENT)   MM
AVERAGE SKY COVER           0.54
NUMBER OF DAYS FAIR            6
NUMBER OF DAYS PC             20
NUMBER OF DAYS CLOUDY          5

AVERAGE RH (PERCENT)     83

WEATHER CONDITIONS. NUMBER OF DAYS WITH
THUNDERSTORM              3     MIXED PRECIP               0
HEAVY RAIN                6     RAIN                       9
LIGHT RAIN               18     LT FREEZING RAIN           0
HAIL                      0     LIGHT SNOW                 0
SLEET                     0     FOG                       25
FOG W/VIS <= 1/4 MILE     0     HAZE                       0

-  INDICATES NEGATIVE NUMBERS.
R  INDICATES RECORD WAS SET OR TIED.
MM INDICATES DATA IS MISSING.
T  INDICATES TRACE AMOUNT.

$$
