432
CXUS51 KRNK 010948
CLMDAN

CLIMATE REPORT
NATIONAL WEATHER SERVICE BLACKSBURG, VA
448 AM EST SUN NOV 01 2020

...................................

...THE DANVILLE VA CLIMATE SUMMARY FOR THE MONTH OF OCTOBER 2020...

CLIMATE NORMAL PERIOD: 1981 TO 2010
CLIMATE RECORD PERIOD: 1916 TO 2020

WEATHER         OBSERVED          NORMAL  DEPART   LAST YEAR`S
                VALUE   DATE(S)   VALUE   FROM     VALUE
                                          NORMAL
..............................................................
TEMPERATURE (F)
RECORD
 HIGH            100   10/06/1941
 LOW              22   10/27/1962
HIGHEST           84   10/29                          98
LOWEST            36   10/18                          34
AVG. MAXIMUM    73.1               70.0     3.1     75.5
AVG. MINIMUM    49.7               48.9     0.8     51.4
MEAN            61.4               59.5     1.9     63.5
DAYS MAX >= 90     0                0.3    -0.3        4
DAYS MAX <= 32     0                0.0     0.0        0
DAYS MIN <= 32     0                1.0    -1.0        0
DAYS MIN <= 0      0                0.0     0.0        0

PRECIPITATION (INCHES)
RECORD
 MAXIMUM       10.87   1990
 MINIMUM        0.12   2000
TOTALS          2.31               3.53   -1.22     6.76
DAYS >= .01        9                7.7     1.3        9
DAYS >= .10        5                4.6     0.4        8
DAYS >= .50        2                2.3    -0.3        5
DAYS >= 1.00       0                1.1    -1.1        3
GREATEST
 24 HR. TOTAL   0.97                                2.32

SNOWFALL (INCHES)
TOTALS           0.0                                 0.0
DAYS >= TRACE      0                                   0
DAYS >= 1.0        0                                   0
GREATEST
 24 HR TOTAL      MM                                 0.0

DEGREE DAYS
HEATING TOTAL    134                205     -71      115
COOLING TOTAL     29                 33      -4       78
..............................................................

WIND (MPH)
AVERAGE WIND SPEED              3.7
RESULTANT WIND SPEED/DIRECTION   1/010
HIGHEST WIND SPEED/DIRECTION    31/230    DATE  10/29
HIGHEST GUST SPEED/DIRECTION    46/230    DATE  10/29

SKY COVER
AVERAGE SKY COVER           0.39

AVERAGE RH (PERCENT)     74

WEATHER CONDITIONS. NUMBER OF DAYS WITH
THUNDERSTORM              0     MIXED PRECIP               0
HEAVY RAIN                0     RAIN                       4
LIGHT RAIN               11     FREEZING RAIN              0
LT FREEZING RAIN          0     HAIL                       0
HEAVY SNOW                0     SNOW                       0
LIGHT SNOW                0     SLEET                      0
FOG                      17     FOG W/VIS <= 1/4 MILE      5
HAZE                      0

-  INDICATES NEGATIVE NUMBERS.
R  INDICATES RECORD WAS SET OR TIED.
MM INDICATES DATA IS MISSING.
T  INDICATES TRACE AMOUNT.

$$
