000
CXUS51 KLWX 011059
CLMDCA

CLIMATE REPORT
NATIONAL WEATHER SERVICE BALTIMORE MD/WASHINGTON DC
559 AM EST SUN NOV 01 2020

...................................

...THE WASHINGTON NATIONAL DC CLIMATE SUMMARY FOR THE MONTH OF OCTOBER 2020...

CLIMATE NORMAL PERIOD: 1981 TO 2010
CLIMATE RECORD PERIOD: 1871 TO 2020

WEATHER         OBSERVED          NORMAL  DEPART   LAST YEAR`S
                VALUE   DATE(S)   VALUE   FROM     VALUE
                                          NORMAL
..............................................................
TEMPERATURE (F)
RECORD
 HIGH             98   10/02/2019
 LOW              26   10/31/1917
                       10/31/1893
                       10/30/1873
HIGHEST           81   10/07         84      -3       98
LOWEST            41   10/31         37       4       44
AVG. MAXIMUM    69.8               68.4     1.4     72.4
AVG. MINIMUM    53.9               50.6     3.3     55.9
MEAN            61.9               59.5     2.4     64.1
DAYS MAX >= 90     0                0.1    -0.1        1
DAYS MAX <= 32     0                0.0     0.0        0
DAYS MIN <= 32     0                0.0     0.0        0
DAYS MIN <= 0      0                0.0     0.0        0

PRECIPITATION (INCHES)
RECORD
 MAXIMUM        9.41   2005
 MINIMUM           T   1963
TOTALS          4.86               3.40    1.46     6.66
DAILY AVG.      0.16               0.11    0.05     0.21
DAYS >= .01       10                7.7     2.3        8
DAYS >= .10        6                4.8     1.2        7
DAYS >= .50        3                2.5     0.5        5
DAYS >= 1.00       1                1.0     0.0        4
GREATEST
 24 HR. TOTAL   2.50   10/29 TO 10/30               1.60
 STORM TOTAL    2.26                                  MM
 (MM/DD(HH))

SNOWFALL (INCHES)
RECORDS
 TOTAL           2.2   1925
TOTALS           0.0                0.0     0.0      0.0
SINCE 7/1        0.0                0.0     0.0       MM
DAYS >= TRACE      0                0.0     0.0        0
DAYS >= 1.0        0                0.0     0.0        0
GREATEST
 SNOW DEPTH        0                                   0

DEGREE DAYS
HEATING TOTAL    124                205     -81       88
 SINCE 7/1       154                229     -75       88
COOLING TOTAL     34                 34       0       71
 SINCE 1/1      1759               1547     212     2066
..............................................................

WIND (MPH)
AVERAGE WIND SPEED              7.7
HIGHEST WIND SPEED/DIRECTION    23/050
HIGHEST GUST SPEED/DIRECTION    31/330

SKY COVER
AVERAGE SKY COVER           0.61

AVERAGE RH (PERCENT)     73

WEATHER CONDITIONS. NUMBER OF DAYS WITH
THUNDERSTORM              0     MIXED PRECIP               0
HEAVY RAIN                2     RAIN                       6
LIGHT RAIN               14     FREEZING RAIN              0
LT FREEZING RAIN          0     HAIL                       0
HEAVY SNOW                0     SNOW                       0
LIGHT SNOW                0     SLEET                      0
FOG                      14     FOG W/VIS <= 1/4 MILE      4
HAZE                      1

-  INDICATES NEGATIVE NUMBERS.
R  INDICATES RECORD WAS SET OR TIED.
MM INDICATES DATA IS MISSING.
T  INDICATES TRACE AMOUNT.

&&
.....................................................................

WASHINGTON DC...RONALD REAGAN WASHINGTON NATIONAL AIRPORT...

THE AVERAGE TEMPERATURE IN OCTOBER 2020 WAS ABOVE NORMAL. HOWEVER, IT
WAS THE COOLEST OCTOBER SINCE 2015, WHEN THE AVERAGE TEMPERATURE WAS
58.9 DEGREES.

MONTHLY PRECIPITATION WAS 143 PERCENT OF NORMAL. HOWEVER, IT WAS THE
DRIEST OCTOBER SINCE 2018, WHEN ONLY 3.06 INCHES OF PRECIPITATION
FELL.

NO DAILY RECORDS WERE SET IN OCTOBER 2020.

WEATHER RECORDS FOR THE WASHINGTON DC AREA HAVE BEEN RECORDED AT WHAT
IS NOW RONALD REAGAN WASHINGTON NATIONAL AIRPORT SINCE 1941. THE
OFFICIAL WEATHER RECORD CONSISTS OF THAT DATA BACK TO 1945, AND
OBSERVATIONS TAKEN IN DOWNTOWN WASHINGTON FROM 1871 THROUGH 1944.
TEMPERATURE RECORDS FOR THE WASHINGTON DC AREA EXTEND BACK TO JANUARY
OF 1872, WITH PRECIPITATION RECORDS EXTENDING BACK TO JANUARY OF 1871
AND SNOWFALL RECORDS EXTENDING BACK TO JANUARY OF 1884.

ALL CLIMATE DATA ARE CONSIDERED PRELIMINARY UNTIL REVIEWED BY THE
NATIONAL CENTERS FOR ENVIRONMENTAL INFORMATION (NCEI).

$$

RCM
