000
CXUS51 KALY 011042
CLMDDH

CLIMATE REPORT
NATIONAL WEATHER SERVICE ALBANY NY
542 AM EST SUN NOV 01 2020

...................................

...THE BENNINGTON VT CLIMATE SUMMARY FOR THE MONTH OF OCTOBER 2020...

CLIMATE NORMAL PERIOD: 1981 TO 2010
CLIMATE RECORD PERIOD: 9999 TO 9999

WEATHER         OBSERVED          NORMAL  DEPART   LAST YEAR`S
                VALUE   DATE(S)   VALUE   FROM     VALUE DATE(S)
                                          NORMAL
................................................................
TEMPERATURE (F)
HIGHEST           77   10/10                          78  10/01
LOWEST            17   10/31                          28  10/05
AVG. MAXIMUM    60.0               58.7     1.3     60.6
AVG. MINIMUM    39.9               36.4     3.5     40.2
MEAN            50.0               47.5     2.5     50.4
DAYS MAX >= 90     0                0.0     0.0        0
DAYS MAX <= 32     0                0.0     0.0        0
DAYS MIN <= 32     6               11.1    -5.1        4
DAYS MIN <= 0      0                0.0     0.0        0

PRECIPITATION (INCHES)
TOTALS          3.75               3.69    0.06     5.94
DAILY AVG.      0.12                                0.19
DAYS >= .01       13                                  15
DAYS >= .10        7                                   9
DAYS >= .50        3                                   3
DAYS >= 1.00       0                                   1
GREATEST
 24 HR. TOTAL   1.24   09/30 TO 09/30


DEGREE DAYS
HEATING TOTAL    461                543     -82      433
 SINCE 7/1       662                821    -159      654
COOLING TOTAL      0                  2      -2        3
 SINCE 1/1       574                313     261      375
................................................................

WIND (MPH)
AVERAGE WIND SPEED              4.5
HIGHEST WIND SPEED/DIRECTION    26/260    DATE  10/07
                                26/180          10/15
HIGHEST GUST SPEED/DIRECTION    41/270    DATE  10/07

SKY COVER
AVERAGE SKY COVER           0.55

AVERAGE RH (PERCENT)     74

WEATHER CONDITIONS. NUMBER OF DAYS WITH
THUNDERSTORM              1     MIXED PRECIP               0
HEAVY RAIN                2     RAIN                       5
LIGHT RAIN               16     FREEZING RAIN              0
LT FREEZING RAIN          0     HAIL                       0
HEAVY SNOW                0     SNOW                       0
LIGHT SNOW                1     SLEET                      0
FOG                      19     FOG W/VIS <= 1/4 MILE      4
HAZE                      2

-  INDICATES NEGATIVE NUMBERS.
R  INDICATES RECORD WAS SET OR TIED.
MM INDICATES DATA IS MISSING.
T  INDICATES TRACE AMOUNT.

$$
