075
CXUS56 KOTX 011850
CLMDEW

CLIMATE REPORT
NATIONAL WEATHER SERVICE SPOKANE WA
1050 AM PST SUN NOV 01 2020

...................................

...THE DEER_PARK WA AIRPORT CLIMATE SUMMARY FOR THE MONTH OF OCTOBER 2020...

CLIMATE NORMAL PERIOD 1981 TO 2010
CLIMATE RECORD PERIOD 9999 TO 9999

WEATHER         OBSERVED          NORMAL  DEPART   LAST YEAR`S
                VALUE   DATE(S)   VALUE   FROM     VALUE DATE(S)
                                          NORMAL
................................................................
TEMPERATURE (F)
RECORD
 HIGH             MM   MM
 LOW               2   10/25/2020
HIGHEST           80   10/06         MM      MM       64  10/25
                       10/07
                                                          10/07
LOWEST             2R  10/25         MM      MM        6  10/29
AVG. MAXIMUM    57.4               57.7    -0.3     51.8
AVG. MINIMUM    30.1               30.4    -0.3     26.7
MEAN            43.8               44.1    -0.3     39.3
DAYS MAX >= 90     0                0.0     0.0        0
DAYS MAX <= 32     4                0.0     4.0        0
DAYS MIN <= 32    14               17.9    -3.9       21
DAYS MIN <= 0      0                0.0     0.0        0

PRECIPITATION (INCHES)
RECORD
 MAXIMUM          MM   MM
 MINIMUM          MM   MM
TOTALS          2.25               1.62    0.63     2.04
DAILY AVG.      0.07               0.05    0.02     0.07
DAYS >= .01        6                 MM      MM        9
DAYS >= .10        4                 MM      MM        7
DAYS >= .50        3                 MM      MM        2
DAYS >= 1.00       0                 MM      MM        0
GREATEST
 24 HR. TOTAL   0.61   10/23 TO 10/23               0.54


DEGREE DAYS
HEATING TOTAL    652                649       3      789
 SINCE 7/1       965               1069    -104     1145
COOLING TOTAL      0                  0       0        0
 SINCE 1/1       219                187      32      159
................................................................

WIND (MPH)
AVERAGE WIND SPEED              4.6
HIGHEST WIND SPEED/DIRECTION    36/230    DATE  10/13
HIGHEST GUST SPEED/DIRECTION    46/230    DATE  10/13

SKY COVER
POSSIBLE SUNSHINE (PERCENT)   MM
AVERAGE SKY COVER           0.32
NUMBER OF DAYS FAIR           18
NUMBER OF DAYS PC             10
NUMBER OF DAYS CLOUDY          3

AVERAGE RH (PERCENT)     68

WEATHER CONDITIONS. NUMBER OF DAYS WITH
THUNDERSTORM              0     MIXED PRECIP               0
HEAVY RAIN                1     RAIN                       4
LIGHT RAIN                5     FREEZING RAIN              0
LT FREEZING RAIN          0     HAIL                       0
HEAVY SNOW                1     SNOW                       1
LIGHT SNOW                1     SLEET                      0
FOG                      19     FOG W/VIS <= 1/4 MILE      6
HAZE                      4

-  INDICATES NEGATIVE NUMBERS.
R  INDICATES RECORD WAS SET OR TIED.
MM INDICATES DATA IS MISSING.
T  INDICATES TRACE AMOUNT.

$$
