000
CXUS54 KFWD 010845
CLMDFW

CLIMATE REPORT
NATIONAL WEATHER SERVICE FORT WORTH TX
236 AM CST SUN NOV 1 2020

...................................

...THE DALLAS FORT WORTH CLIMATE SUMMARY FOR THE MONTH OF OCTOBER 2020...

CLIMATE NORMAL PERIOD 1981 TO 2010
CLIMATE RECORD PERIOD 1898 TO 2020

WEATHER         OBSERVED          NORMAL  DEPART  LAST YEAR`S
                 VALUE   DATE(S)  VALUE   FROM    VALUE  DATE(S)
                                          NORMAL
................................................................
TEMPERATURE (F)
RECORD
 HIGH             106   10/03/1951
 LOW               24   10/30/1917
HIGHEST            96   10/11        92       4       97  10/06
LOWEST             36   10/29        41      -5       30  10/31
                        10/28
AVG. MAXIMUM     75.9              78.3    -2.4     76.5
AVG. MINIMUM     54.0              56.8    -2.8     54.6
MEAN             65.0              67.5    -2.5     65.5
DAYS MAX >= 90      2               1.9     0.1        7
DAYS MAX <= 32      0               0.0     0.0        0
DAYS MAX >= 100     0                                  0
DAYS MIN <= 32      0               0.1    -0.1        1
DAYS MIN <= 0       0               0.0     0.0        0
DAYS MIN >= 80      0                                  0

PRECIPITATION (INCHES)
RECORD
 MAXIMUM        15.66   2018
 MINIMUM            T   1975
                        1924
TOTALS           1.74              4.22   -2.48     4.42
DAILY AVG.       0.06              0.14   -0.08     0.14
DAYS >= .01         5               7.4    -2.4       11
DAYS >= .10         3               4.9    -1.9        8
DAYS >= .50         1               2.7    -1.7        4
DAYS >= 1.00        0               1.4    -1.4        1
GREATEST
 24 HR. TOTAL    0.91   10/23 TO 10/23              1.34

SNOWFALL (INCHES)
RECORDS
 TOTAL              T   1993
                        1925
 24 HR TOTAL        T   10/29/1993 TO 10/29/1993
                        10/28/1925 TO 10/28/1925
TOTALS            0.0               0.0     0.0      0.0
SINCE 7/1         0.0               0.0     0.0      0.0
SNOWDEPTH AVG.      0                MM      MM        0
DAYS >= TRACE       0                                  0
DAYS >= 1.0         0               0.0     0.0        0

DEGREE_DAYS
HEATING TOTAL     141                66      75      148

 SINCE 7/1        144                72      72      148
COOLING TOTAL     147               146       1      173
 SINCE 1/1       2759              2723      36     2998
.................................................................

WIND (MPH)
AVERAGE WIND SPEED              9.9
HIGHEST WIND SPEED/DIRECTION    31/350    DATE  10/23
HIGHEST GUST SPEED/DIRECTION    42/350    DATE  10/23

SKY COVER
POSSIBLE SUNSHINE (PERCENT)   MM
AVERAGE SKY COVER           0.40
NUMBER OF DAYS FAIR           15
NUMBER OF DAYS PC             11
NUMBER OF DAYS CLOUDY          5

AVERAGE RH (PERCENT)     67

WEATHER CONDITIONS. NUMBER OF DAYS WITH
THUNDERSTORM              1     MIXED PRECIP                0
HEAVY RAIN                2     RAIN                        2
LIGHT RAIN                7     FREEZING RAIN               0
LT FREEZING RAIN          0     HAIL                        0
HEAVY SNOW                0     SNOW                        0
LIGHT SNOW                0     SLEET                       0
FOG                       9     FOG W/VIS <= 1/4 MILE       0
HAZE                      4

-  INDICATES NEGATIVE NUMBERS.
R  INDICATES RECORD WAS SET OR TIED.
MM INDICATES DATA IS MISSING.
T  INDICATES TRACE AMOUNT.

$$
