000
CXUS53 KDDC 021857
CLMDGC


CLIMATE REPORT
NATIONAL WEATHER SERVICE DODGE CITY KS
1249 PM CST MON NOV 2 2020

...................................

...THE DODGE CITY KS CLIMATE SUMMARY FOR THE MONTH OF OCTOBER 2020...

CLIMATE NORMAL PERIOD 1981 TO 2010
CLIMATE RECORD PERIOD 1875 TO 2020

WEATHER         OBSERVED          NORMAL  DEPART  LAST YEAR`S
                 VALUE   DATE(S)  VALUE   FROM    VALUE  DATE(S)
                                          NORMAL
................................................................
TEMPERATURE (F)
RECORD
 HIGH             101   10/17/2016
 LOW               10   10/31/2019
                        10/27/1878
                        01/01/2000
HIGHEST            96   10/07        MM      MM       87  10/18
                                                          10/09
LOWEST             18   10/27        MM      MM       10  10/31
                        10/26
AVG. MAXIMUM     68.5              69.7    -1.2     64.5
AVG. MINIMUM     39.3              43.4    -4.1     37.2
MEAN             53.9              56.6    -2.7     50.9
DAYS MAX >= 90      4               0.8     3.2        0
DAYS MAX <= 32      1               0.1     0.9        1
DAYS MIN <= 32      6               3.0     3.0       11
DAYS MIN <= 0       0               0.0     0.0        0

PRECIPITATION (INCHES)
RECORD
 MAXIMUM         6.45   2018
 MINIMUM         0.00   1952
                        1879
TOTALS           1.34              1.74   -0.40     1.43
DAYS >= .01         4               6.1    -2.1        5
DAYS >= .10         3               3.1    -0.1        3
DAYS >= .50         1               1.0     0.0        1
DAYS >= 1.00        1               0.4     0.6        0
GREATEST
 24 HR. TOTAL    1.07   10/28 TO 10/28           10/01 TO 10/01

SNOWFALL (INCHES)
RECORDS
 TOTAL            4.5   1991
 24 HR TOTAL      4.3   10/21/1996 TO 10/21/1996
 SNOW DEPTH         3   10/27/1976
TOTALS            1.5               0.4     1.1      0.4
SINCE 7/1         1.5               0.4     1.1      0.4
SNOWDEPTH AVG.      0                MM      MM        0
DAYS >= 1.0         0               0.1    -0.1        0
GREATEST
 SNOW DEPTH         1   10/27                         -1  10/30
                        10/26                             10/31
 24 HR TOTAL      0.9   10/26 TO 10/27           10/30 TO 10/30

DEGREE_DAYS
HEATING TOTAL     390               291      99      444
 SINCE 7/1        457               356     101      444
COOLING TOTAL      54                29      25       14
 SINCE 1/1       1583              1462     121     1689
.................................................................

WIND (MPH)
AVERAGE WIND SPEED              12.5
RESULTANT WIND SPEED/DIRECTION   1/142
HIGHEST WIND SPEED/DIRECTION    44/350    DATE  10/11
HIGHEST GUST SPEED/DIRECTION    61/350    DATE  10/11

SKY COVER
POSSIBLE SUNSHINE (PERCENT)   MM
AVERAGE SKY COVER           0.30
NUMBER OF DAYS FAIR           20
NUMBER OF DAYS PC              6
NUMBER OF DAYS CLOUDY          5


WEATHER CONDITIONS. NUMBER OF DAYS WITH
THUNDERSTORM              0     MIXED PRECIP                0
HEAVY RAIN                0     RAIN                        1
LIGHT RAIN                4     FREEZING RAIN               0
LT FREEZING RAIN          1     HAIL                        0
HEAVY SNOW                0     SNOW                        2
LIGHT SNOW                3     SLEET                       0
FOG                      11     FOG W/VIS <= 1/4 MILE       1
HAZE                     23     BLOWING SNOW                0
TORNADO                   0

-  INDICATES NEGATIVE NUMBERS.
R  INDICATES RECORD WAS SET OR TIED.
MM INDICATES DATA IS MISSING.
T  INDICATES TRACE AMOUNT.

$$
