121
CXUS54 KAMA 011704
CLMDHT

CLIMATE REPORT
NATIONAL WEATHER SERVICE AMARILLO
1104 AM CST SUN NOV 01 2020

...................................

...THE DALHART CLIMATE SUMMARY FOR THE MONTH OF OCTOBER 2020...

CLIMATE NORMAL PERIOD: 1981 TO 2010
CLIMATE RECORD PERIOD: 1948 TO 2020

WEATHER         OBSERVED          NORMAL  DEPART   LAST YEAR`S
                VALUE   DATE(S)   VALUE   FROM     VALUE DATE(S)
                                          NORMAL
................................................................
TEMPERATURE (F)
RECORD
 HIGH             96   10/16/2016
                       10/15/2016
                       10/03/2000
 LOW               9   10/30/1993
HIGHEST           95   10/14                          87  10/09
LOWEST            17   10/26                           9  10/30
                       10/27
AVG. MAXIMUM    72.7               71.1     1.6     66.3
AVG. MINIMUM    37.2               40.4    -3.2     35.6
MEAN            54.9               55.7    -0.8     50.9
DAYS MAX >= 90     7                0.3     6.7        0
DAYS MAX <= 32     2                0.1     1.9        2
DAYS MIN <= 32     9                3.9     5.1       12
DAYS MIN <= 0      0                0.0     0.0        0

PRECIPITATION (INCHES)
TOTALS          0.78               1.47   -0.69     1.08
DAILY AVG.      0.03               0.05   -0.02     0.03
DAYS >= .01        3                4.7    -1.7        4
DAYS >= .10        1                2.6    -1.6        2
DAYS >= .50        1                0.9     0.1        1
DAYS >= 1.00       0                0.5    -0.5        0
GREATEST
 24 HR. TOTAL   0.69   10/28 TO 10/28

SNOWFALL (INCHES)
TOTALS           9.1                0.6     8.5      2.5
SINCE 7/1        9.1                0.6     8.5       MM
DAYS >= TRACE      5                0.3     4.7
DAYS >= 1.0        3                0.2     2.8        1
GREATEST
 SNOW DEPTH        3   10/27
 24 HR TOTAL      MM

DEGREE DAYS
HEATING TOTAL    337                297      40      442
 SINCE 7/1       412                359      53       MM
COOLING TOTAL     32                 10      22       12
 SINCE 1/1      1631               1138     493       MM
................................................................

WIND (MPH)
AVERAGE WIND SPEED              12.3
HIGHEST WIND SPEED/DIRECTION    45/020    DATE  10/11
HIGHEST GUST SPEED/DIRECTION    54/020    DATE  10/11

SKY COVER
POSSIBLE SUNSHINE (PERCENT)   MM
NUMBER OF DAYS FAIR           23
NUMBER OF DAYS PC              4
NUMBER OF DAYS CLOUDY          4

AVERAGE RH (PERCENT)     50

WEATHER CONDITIONS. NUMBER OF DAYS WITH
THUNDERSTORM              0     MIXED PRECIP               0
HEAVY RAIN                1     RAIN                       0
LIGHT RAIN                0     FREEZING RAIN              0
LT FREEZING RAIN          1     HEAVY SNOW                 0
SNOW                      1     LIGHT SNOW                 5
SLEET                     0     FOG                        9
FOG W/VIS <= 1/4 MILE     1     HAZE                      18

-  INDICATES NEGATIVE NUMBERS.
R  INDICATES RECORD WAS SET OR TIED.
MM INDICATES DATA IS MISSING.
T  INDICATES TRACE AMOUNT.

$$
