000
CXUS53 KDLH 030244
CLMDLH

CLIMATE REPORT
NATIONAL WEATHER SERVICE DULUTH MN
844 PM CST WED DEC 02 2020

...................................

...THE DULUTH CLIMATE SUMMARY FOR THE MONTH OF NOVEMBER 2020...

CLIMATE NORMAL PERIOD: 1981 TO 2010
CLIMATE RECORD PERIOD: 1870 TO 2020

WEATHER         OBSERVED          NORMAL  DEPART   LAST YEAR`S
                VALUE   DATE(S)   VALUE   FROM     VALUE DATE(S)
                                          NORMAL
................................................................
TEMPERATURE (F)
RECORD
 HIGH             75   11/06/2020
 LOW             -29   11/29/1875
HIGHEST           75R  11/06         MM      MM       47  11/24
LOWEST            11   11/16         MM      MM       -2  11/12
                       11/30
AVG. MAXIMUM    41.6               35.6     6.0     31.9
AVG. MINIMUM    25.0               21.9     3.1     20.6
MEAN            33.3               28.8     4.5     26.3
DAYS MAX >= 90     0                0.0     0.0        0
DAYS MAX <= 32    11               11.5    -0.5       16
DAYS MIN <= 32    23               24.9    -1.9       30
DAYS MIN <= 0      0                1.3    -1.3        1

PRECIPITATION (INCHES)
RECORD
 MAXIMUM        5.08   2000
 MINIMUM        0.09   1916
TOTALS          2.45               2.09    0.36     2.30
DAILY AVG.      0.08               0.07    0.01     0.08
DAYS >= .01        9               10.7    -1.7       18
DAYS >= .10        6                4.9     1.1        6
DAYS >= .50        1                1.1    -0.1        1
DAYS >= 1.00       1                0.4     0.6        0
GREATEST
 24 HR. TOTAL   1.18   11/09 TO 11/09

SNOWFALL (INCHES)
RECORDS
 TOTAL          50.1   1991
TOTALS          19.2               13.7     5.5     27.7
SINCE 7/1       31.2               16.1    15.1       MM
SNOWDEPTH AVG.     3                                   1
DAYS >= 1.0        4                3.8     0.2        3
GREATEST
 SNOW DEPTH       11   11/15                           6  11/29
                                                          11/28
 24 HR TOTAL      MM

DEGREE DAYS
HEATING TOTAL    948               1088    -140     1156
 SINCE 7/1      2130               2215     -85     2001
COOLING TOTAL      0                  0       0        0
 SINCE 1/1       357                204     153      342
................................................................

WIND (MPH)
AVERAGE WIND SPEED              10.9
HIGHEST WIND SPEED/DIRECTION    33/320    DATE  11/01
HIGHEST GUST SPEED/DIRECTION    51/310    DATE  11/01

SKY COVER
POSSIBLE SUNSHINE (PERCENT)   MM
AVERAGE SKY COVER           0.46
NUMBER OF DAYS FAIR           11
NUMBER OF DAYS PC             11
NUMBER OF DAYS CLOUDY          8

AVERAGE RH (PERCENT)     70

WEATHER CONDITIONS. NUMBER OF DAYS WITH
THUNDERSTORM              1     MIXED PRECIP               0
HEAVY RAIN                1     RAIN                       1
LIGHT RAIN                2     FREEZING RAIN              0
LT FREEZING RAIN          1     HAIL                       0
HEAVY SNOW                1     SNOW                       3
LIGHT SNOW               14     SLEET                      0
FOG                      11     FOG W/VIS <= 1/4 MILE      4
HAZE                      4

-  INDICATES NEGATIVE NUMBERS.
R  INDICATES RECORD WAS SET OR TIED.
MM INDICATES DATA IS MISSING.
T  INDICATES TRACE AMOUNT.

$$
