000
CXUS53 KEAX 010723 RRA
CLMDMO

CLIMATE REPORT
NATIONAL WEATHER SERVICE
112 AM CST TUE DEC 01 2020

...................................

...THE SEDALIA MO CLIMATE SUMMARY FOR THE MONTH OF NOVEMBER 2020...

CLIMATE NORMAL PERIOD: 1981 TO 2010
CLIMATE RECORD PERIOD: 9999 TO 9999

WEATHER         OBSERVED          NORMAL  DEPART   LAST YEAR`S
                VALUE   DATE(S)   VALUE   FROM     VALUE DATE(S)
                                          NORMAL
................................................................
TEMPERATURE (F)
HIGHEST           77   11/09         75       2       71  11/20
LOWEST            22   11/30         17       5        5  11/12
AVG. MAXIMUM    60.8               55.7     5.1     52.0
AVG. MINIMUM    40.1               37.6     2.5     31.9
MEAN            50.4               46.6     3.8     42.0
DAYS MAX >= 90     0                0.0     0.0        0
DAYS MAX <= 32     0                1.0    -1.0        1
DAYS MIN <= 32     9               14.4    -5.4       13
DAYS MIN <= 0      0                0.1    -0.1        0

PRECIPITATION (INCHES)
TOTALS          1.78               3.10   -1.32     1.61
DAILY AVG.      0.06               0.10   -0.04     0.05
DAYS >= .01        6                8.2    -2.2       10
DAYS >= .10        4                5.0    -1.0        6
DAYS >= .50        1                2.1    -1.1        1
DAYS >= 1.00       0                1.0    -1.0        0
GREATEST
 24 HR. TOTAL   0.53   11/24 TO 11/25


DEGREE DAYS
HEATING TOTAL    436                554    -118      685
 SINCE 7/1       829                844     -15       MM
COOLING TOTAL      8                  3       5        0
 SINCE 1/1      1383               1490    -107       MM
................................................................

WIND (MPH)
AVERAGE WIND SPEED              10.9
HIGHEST WIND SPEED/DIRECTION    33/220    DATE  11/19
HIGHEST GUST SPEED/DIRECTION    50/310    DATE  11/15

SKY COVER
POSSIBLE SUNSHINE (PERCENT)   MM
AVERAGE SKY COVER           0.27
NUMBER OF DAYS FAIR           22
NUMBER OF DAYS PC              4
NUMBER OF DAYS CLOUDY          4

AVERAGE RH (PERCENT)     62

WEATHER CONDITIONS. NUMBER OF DAYS WITH
THUNDERSTORM              3     MIXED PRECIP               0
HEAVY RAIN                1     RAIN                       5
LIGHT RAIN                8     FREEZING RAIN              0
LT FREEZING RAIN          0     HAIL                       0
HEAVY SNOW                0     SNOW                       0
LIGHT SNOW                1     SLEET                      0
FOG                       7     FOG W/VIS <= 1/4 MILE      0
HAZE                      4

-  INDICATES NEGATIVE NUMBERS.
R  INDICATES RECORD WAS SET OR TIED.
MM INDICATES DATA IS MISSING.
T  INDICATES TRACE AMOUNT.

$$
