302
CXUS55 KGJT 011003
CLMDRO

CLIMATE REPORT
NATIONAL WEATHER SERVICE GRAND JUNCTION CO
403 AM MDT TUE JUN 01 2021

...................................

...THE DURANGO AIRPORT CO CLIMATE SUMMARY FOR THE MONTH OF MAY 2021...

CLIMATE NORMAL PERIOD 1991 TO 2020
CLIMATE RECORD PERIOD 9999 TO 9999

WEATHER         OBSERVED          NORMAL  DEPART   LAST YEAR`S
                VALUE   DATE(S)   VALUE   FROM     VALUE DATE(S)
                                          NORMAL
................................................................
TEMPERATURE (F)
HIGHEST           81   05/14         MM      MM       88  05/30
                       05/29
                       05/30
LOWEST            26   05/06         MM      MM       25  05/08
                       05/12
AVG. MAXIMUM    72.8               71.0     1.8     76.7
AVG. MINIMUM    35.9               34.7     1.2     36.0
MEAN            54.4               52.8     1.6     56.4
DAYS MAX >= 90     0                0.2    -0.2        0
DAYS MAX <= 32     0                0.0     0.0        0
DAYS MIN <= 32    10               10.1    -0.1        9
DAYS MIN <= 0      0                0.0     0.0        0

PRECIPITATION (INCHES)
TOTALS          1.38               0.74    0.64     0.27
DAILY AVG.      0.04               0.02    0.02     0.01
DAYS >= .01        6                5.2     0.8        4
DAYS >= .10        2                2.0     0.0        1
DAYS >= .50        1                0.1     0.9        0
DAYS >= 1.00       1                0.0     1.0        0
GREATEST
 24 HR. TOTAL   1.07   05/21 TO 05/21               0.17

SNOWFALL (INCHES)
TOTALS            MM                 MM      MM       MM
SINCE 7/1         MM                 MM      MM       MM
SNOWDEPTH AVG.    MM                                  MM
DAYS >= 1.0       MM                 MM      MM       MM
GREATEST
 SNOW DEPTH       MM                                  MM  MM
 24 HR TOTAL      MM                                  MM

DEGREE DAYS
HEATING TOTAL    321                378     -57      273
 SINCE 7/1      6831               6925     -94     6739
COOLING TOTAL      0                  1      -1       12
 SINCE 1/1         0                  1      -1       12
................................................................

WIND (MPH)
AVERAGE WIND SPEED              7.8
HIGHEST WIND SPEED/DIRECTION    39/340    DATE  05/31
HIGHEST GUST SPEED/DIRECTION    59/270    DATE  05/10

SKY COVER
POSSIBLE SUNSHINE (PERCENT)   MM
AVERAGE SKY COVER           0.17
NUMBER OF DAYS FAIR           25
NUMBER OF DAYS PC              4
NUMBER OF DAYS CLOUDY          2

AVERAGE RH (PERCENT)     38

WEATHER CONDITIONS. NUMBER OF DAYS WITH
THUNDERSTORM              5     MIXED PRECIP               0
HEAVY RAIN                2     RAIN                       1
LIGHT RAIN                9     FREEZING RAIN              0
LT FREEZING RAIN          0     HAIL                       0
HEAVY SNOW                0     SNOW                       0
LIGHT SNOW                0     SLEET                      0
FOG                       2     FOG W/VIS <= 1/4 MILE      0
HAZE                      0

-  INDICATES NEGATIVE NUMBERS.
R  INDICATES RECORD WAS SET OR TIED.
MM INDICATES DATA IS MISSING.
T  INDICATES TRACE AMOUNT.

$$
