000
CXUS55 KGJT 012039
CLMDRO


CLIMATE REPORT
NATIONAL WEATHER SERVICE GRAND JUNCTION CO
110 PM MST SUN NOV 1 2020

...................................

...THE DURANGO AIRPORT CO CLIMATE SUMMARY FOR THE MONTH OF OCTOBER 2020...

CLIMATE NORMAL PERIOD 1981 TO 2010
CLIMATE RECORD PERIOD 9999 TO 9999

WEATHER         OBSERVED          NORMAL  DEPART  LAST YEAR`S
                 VALUE   DATE(S)  VALUE   FROM    VALUE  DATE(S)
                                          NORMAL
................................................................
TEMPERATURE (F)
HIGHEST            81   10/05        MM      MM       74  10/03
LOWEST             21   10/27        MM      MM        2  10/31
AVG. MAXIMUM     70.0              62.7     7.3     61.2
AVG. MINIMUM     29.6              30.9    -1.3     23.0
MEAN             49.8              46.8     3.0     42.1
DAYS MAX >= 90      0               0.0     0.0        0
DAYS MAX <= 32      0               0.0     0.0        0
DAYS MIN <= 32     24              17.9     6.1       28
DAYS MIN <= 0       0               0.0     0.0        0

PRECIPITATION (INCHES)
TOTALS           0.22              1.34   -1.12     0.15
DAILY AVG.       0.01              0.04   -0.03     0.00
DAYS >= .01         2                MM      MM        3
DAYS >= .10         1                MM      MM        0
DAYS >= .50         0                MM      MM        0
DAYS >= 1.00        0                MM      MM        0
GREATEST
 24 HR. TOTAL    0.19   10/25 TO 10/25              0.09

SNOWFALL (INCHES)
TOTALS             MM                MM      MM       MM
SINCE 7/1          MM                MM      MM       MM
SNOWDEPTH AVG.     MM                MM      MM       MM
DAYS >= 1.0        MM                MM      MM       MM
GREATEST
 SNOW DEPTH        MM                                 MM  MM
 24 HR TOTAL       MM                                 MM

DEGREE_DAYS
HEATING TOTAL     462               564    -102      705
 SINCE 7/1        631               788    -157      861
COOLING TOTAL       0                 0       0        0
 SINCE 1/1        445               243     202      350
.................................................................

WIND (MPH)
AVERAGE WIND SPEED              6.7
HIGHEST WIND SPEED/DIRECTION    48/260    DATE  10/25
HIGHEST GUST SPEED/DIRECTION    68/260    DATE  10/25

SKY COVER
POSSIBLE SUNSHINE (PERCENT)   MM
AVERAGE SKY COVER           0.10
NUMBER OF DAYS FAIR           27
NUMBER OF DAYS PC              3
NUMBER OF DAYS CLOUDY          1

AVERAGE RH (PERCENT)     38

WEATHER CONDITIONS. NUMBER OF DAYS WITH
THUNDERSTORM              1     MIXED PRECIP                0
HEAVY RAIN                0     RAIN                        0
LIGHT RAIN                3     FREEZING RAIN               0
LT FREEZING RAIN          0     HAIL                        0
HEAVY SNOW                0     SNOW                        0
LIGHT SNOW                1     SLEET                       0
FOG                       3     FOG W/VIS <= 1/4 MILE       0
HAZE                      2


-  INDICATES NEGATIVE NUMBERS.
R  INDICATES RECORD WAS SET OR TIED.
MM INDICATES DATA IS MISSING.
T  INDICATES TRACE AMOUNT.

$$
