663
CXUS54 KEWX 060740 CCA
CLMDRT

CLIMATE REPORT
NATIONAL WEATHER SERVICE AUSTIN/SAN ANTONIO, TX
836 AM CST SUN NOV 1 2020

...................................

...THE DEL RIO CLIMATE SUMMARY FOR THE MONTH OF OCTOBER 2020...

CLIMATE NORMAL PERIOD 1981 TO 2010
CLIMATE RECORD PERIOD 1906 TO 2020

WEATHER         OBSERVED          NORMAL  DEPART  LAST YEAR`S
                 VALUE   DATE(S)  VALUE   FROM    VALUE  DATE(S)
                                          NORMAL
................................................................
TEMPERATURE (F)
HIGHEST           103   10/11                        100  10/06
LOWEST             39   10/28                         36  10/31
                        10/27
AVG. MAXIMUM     87.4              82.4     5.0     85.8
AVG. MINIMUM     60.4              61.0    -0.6     60.8
MEAN             73.9              71.7     2.2     73.3
DAYS MAX >= 90     19                                 12
DAYS MAX <= 32      0                                  0
DAYS MIN <= 32      0                                  0
DAYS MIN <= 0       0                                  0

PRECIPITATION (INCHES)
TOTALS           0.17              2.23   -2.06     0.86
DAILY AVG.       0.01              0.07   -0.06     0.03
DAYS >= .01         2                                  6
DAYS >= .10         1                                  3
DAYS >= .50         0                                  0
DAYS >= 1.00        0                                  0
GREATEST
 24 HR. TOTAL    0.13   10/27 TO 10/27

SNOWFALL (INCHES)
TOTALS            0.0               0.0     0.0      0.0
SINCE 7/1         0.0               0.0     0.0      0.0

DEGREE_DAYS
HEATING TOTAL      53                23      30       44
 SINCE 7/1         57                24      33       44
COOLING TOTAL     337               230     107      308
 SINCE 1/1       4182              3325     857     3875
.................................................................

WIND (MPH)
AVERAGE WIND SPEED              9.2
HIGHEST WIND SPEED/DIRECTION    32/290    DATE  10/26
HIGHEST GUST SPEED/DIRECTION    50/340    DATE  10/29

SKY COVER
POSSIBLE SUNSHINE (PERCENT)   MM
AVERAGE SKY COVER           0.20
NUMBER OF DAYS FAIR           24
NUMBER OF DAYS PC              5
NUMBER OF DAYS CLOUDY          2

AVERAGE RH (PERCENT)     55

WEATHER CONDITIONS. NUMBER OF DAYS WITH
THUNDERSTORM              0     MIXED PRECIP               0
HEAVY RAIN                0     RAIN                       1
LIGHT RAIN                2     FREEZING RAIN              0
LT FREEZING RAIN          0     HAIL                       0
HEAVY SNOW                0     SNOW                       0
LIGHT SNOW                0     SLEET                      0
FOG                       2     FOG W/VIS <= 1/4 MILE      0
HAZE                      0

-  INDICATES NEGATIVE NUMBERS.
R  INDICATES RECORD WAS SET OR TIED.
MM INDICATES DATA IS MISSING.
T  INDICATES TRACE AMOUNT.

&&

MONTHLY CLIMATE SUMMARY:
OCTOBER 2020 WAS THE 19TH WARMEST AND TIED FOR THE 17TH DRIEST OCTOBER
SINCE RECORD KEEPING BEGAN.

SEA LEVEL PRESSURE DATA:
HIGHEST SLP 30.33 ON THE 30TH
LOWEST SLP 29.68 ON THE 25TH

PRELIMINARY LOCAL CLIMATOLOGICAL DATA (WS FORM: F-6)

                                          STATION:   DEL RIO
                                          MONTH:     OCTOBER
                                          YEAR:      2020
                                          LATITUDE:   29 22 N
                                          LONGITUDE: 100 55 W

  TEMPERATURE IN F:       :PCPN:    SNOW:  WIND      :SUNSHINE: SKY     :PK WND
================================================================================
1   2   3   4   5  6A  6B    7    8   9   10  11  12  13   14  15   16   17  18
                                     12Z  AVG MX 2MIN
DY MAX MIN AVG DEP HDD CDD  WTR  SNW DPTH SPD SPD DIR MIN PSBL S-S WX    SPD DR
================================================================================

 1  90  55  73  -3   0   8 0.00  0.0    0  4.9 14 160   M    M   0        19 160
 2  88  61  75  -1   0  10 0.00  0.0    0  9.4 18 150   M    M   0        27 160
 3  90  63  77   2   0  12 0.00  0.0    0 10.4 17 140   M    M   1        27 120
 4  90  66  78   3   0  13 0.00  0.0    0  7.5 15 130   M    M   0        22 130
 5  92  63  78   3   0  13 0.00  0.0    0  9.8 20 130   M    M   0        26 140
 6  94  63  79   5   0  14 0.00  0.0    0  8.9 15 150   M    M   0        23 120
 7  93  65  79   5   0  14 0.00  0.0    0  7.4 15 170   M    M   0        22 150
 8  93  66  80   6   0  15 0.00  0.0    0  6.3 14 120   M    M   0        19 120
 9  95  64  80   6   0  15 0.00  0.0    0  1.9 10 170   M    M   0        15 170
10 102  61  82   8   0  17 0.00  0.0    0  5.3 12 150   M    M   0        15 160
11 103  61  82   9   0  17 0.00  0.0    0  6.5 15 110   M    M   0        20 120
12  97  70  84  11   0  19 0.00  0.0    0  6.7 14 320   M    M   1        21 350
13  91  63  77   4   0  12 0.00  0.0    0  8.9 18 130   M    M   3        23 140
14  98  70  84  12   0  19 0.00  0.0    0  9.9 18 130   M    M   0        24 150
15  88  68  78   6   0  13 0.00  0.0    0 11.0 23 300   M    M   0        35 310
16  82  59  71  -1   0   6 0.00  0.0    0  5.5 14 120   M    M   0        21 120
17  87  59  73   1   0   8 0.00  0.0    0 12.2 20 130   M    M   3        30 150
18  95  67  81  10   0  16 0.00  0.0    0 10.2 20 140   M    M   1        29 150
19  94  75  85  14   0  20 0.00  0.0    0 11.6 20 160   M    M   4        32 140
20  92  75  84  13   0  19 0.00  0.0    0 12.2 22 140   M    M   4        32 130
21  91  73  82  12   0  17 0.00  0.0    0 13.1 21 120   M    M   2        28 150
22  92  73  83  13   0  18 0.00  0.0    0 12.2 22 150   M    M   4        31 140
23  88  59  74   4   0   9    T  0.0    0 11.3 22 320   M    M   7        34 320
24  77  57  67  -2   0   2 0.00  0.0    0  7.1 14 120   M    M   5        22 140
25  90  61  76   7   0  11 0.00  0.0    0 10.6 22 120   M    M   3        32 130
26  79  42  61  -8   4   0 0.04  0.0    0 15.5 32 290   M    M   9 1      50 290
27  43  39  41 -27  24   0 0.13  0.0    0 12.9 22 310   M    M  10 1      33 310
28  67  39  53 -15  12   0 0.00  0.0    0 11.7 23 290   M    M   2        35 310
29  75  45  60  -8   5   0 0.00  0.0    0 12.2 31 330   M    M   0        50 340
30  74  44  59  -8   6   0 0.00  0.0    0  6.7 18 130   M    M   0        28 140
31  80  46  63  -4   2   0 0.00  0.0    0  6.8 17 130   M    M   0        25 120
================================================================================
SM 2710 1872        53 337  0.17  0.0    286.6          M       59
================================================================================
AV 87.4 60.4                               9.2 FASTST   M    M   2    MAX(MPH)
                                 MISC ---->    32 290               # 50 290
================================================================================
NOTES:
# LAST OF SEVERAL OCCURRENCES

COLUMN 17 PEAK WIND IN M.P.H.

SYMBOLS USED IN COLUMN 16
1 = FOG OR MIST
2 = FOG REDUCING VISIBILITY TO 1/4 MILE OR LESS
3 = THUNDER
4 = ICE PELLETS
5 = HAIL
6 = FREEZING RAIN OR DRIZZLE
7 = DUSTSTORM OR SANDSTORM
8 = SMOKE OR HAZE
9 = BLOWING SNOW
X = TORNADO

$$
