000
CXUS55 KTWC 040151
CLMDUG

CLIMATE REPORT
NATIONAL WEATHER SERVICE TUCSON AZ
651 PM MST FRI APR 03 2020

...................................

...THE DOUGLAS AZ CLIMATE SUMMARY FOR THE MONTH OF MARCH 2020...

CLIMATE NORMAL PERIOD 1981 TO 2010
CLIMATE RECORD PERIOD 1948 TO 2020

WEATHER         OBSERVED          NORMAL  DEPART   LAST YEAR`S
                VALUE   DATE(S)   VALUE   FROM     VALUE
                                          NORMAL
..............................................................
TEMPERATURE (F)
RECORD
 HIGH             92   03/12/1989
                       03/11/1989
 LOW              13   03/04/1951
HIGHEST           84   03/25         83       1
LOWEST            24   03/28         24       0
AVG. MAXIMUM    68.5               72.1    -3.6
AVG. MINIMUM    39.6               37.0     2.6
MEAN            54.1               54.5    -0.4
DAYS MAX >= 90     0                0.1    -0.1
DAYS MAX >= 100    0
DAYS MIN <= 32     4                6.9    -2.9
DAYS MIN >= 80     0

PRECIPITATION (INCHES)
RECORD
 MAXIMUM        2.17   1992
 MINIMUM        0.00   2011
TOTALS          1.92               0.50    1.42     1.32
DAILY AVG.      0.06               0.02    0.04     0.04
DAYS >= .01        6                3.5     2.5        4
DAYS >= .10        4                1.6     2.4        2
DAYS >= .50        2                0.1     1.9        1
DAYS >= 1.00       0                0.0     0.0        1
GREATEST
 24 HR. TOTAL   0.68   03/08 TO 03/08               1.06


DEGREE DAYS
HEATING TOTAL    317                325      -8      327
 SINCE 7/1      2213               2361    -148     2612
COOLING TOTAL      0                  1      -1        0
 SINCE 1/1         0                  1      -1        0
..............................................................

WIND (MPH)
AVERAGE WIND SPEED              9.7
HIGHEST WIND SPEED/DIRECTION    32/230    DATE  03/18
HIGHEST GUST SPEED/DIRECTION    42/220    DATE  03/26

AVERAGE RH (PERCENT)     52


-  INDICATES NEGATIVE NUMBERS.
R  INDICATES RECORD WAS SET OR TIED.
MM INDICATES DATA IS MISSING.
T  INDICATES TRACE AMOUNT.

$$
