045
CXUS51 KPBZ 062132
CLMDUJ


CLIMATE REPORT
NATIONAL WEATHER SERVICE PITTSBURGH PA
522 PM EDT SUN SEP 6 2020

...................................

...THE DUBOIS CLIMATE SUMMARY FOR THE MONTH OF JULY 2020...

CLIMATE NORMAL PERIOD 1981 TO 2010
CLIMATE RECORD PERIOD 1960 TO 2019

WEATHER         OBSERVED          NORMAL  DEPART  LAST YEAR`S
                 VALUE   DATE(S)  VALUE   FROM    VALUE  DATE(S)
                                          NORMAL
................................................................
TEMPERATURE (F)
RECORD
 HIGH              98   MM
 LOW               47   07/02/2016
HIGHEST            93   07/07        MM      MM       86  07/21
                                                          07/20
LOWEST             54   07/14        MM      MM       50  07/01
                        07/9999
                        07/9999
AVG. MAXIMUM     85.1              78.8     6.3     80.5
AVG. MINIMUM     62.7              58.1     4.6     61.0
MEAN             73.9              68.5     5.4     70.7
DAYS MAX >= 90      0               0.6    -0.6        0
DAYS MAX <= 32      0               0.0     0.0        0
DAYS MIN <= 32      0               0.0     0.0        0
DAYS MIN <= 0       0               0.0     0.0        0

PRECIPITATION (INCHES)
RECORD
 MAXIMUM           MM   MM
 MINIMUM           MM   MM
TOTALS           0.89              4.25   -3.36
DAILY AVG.         MM              0.14      MM     0.18
DAYS >= .01         0              12.5   -12.5       14
DAYS >= .10         0               8.4    -8.4       11
DAYS >= .50         0               3.2    -3.2        3
DAYS >= 1.00        0               0.6    -0.6        2
GREATEST
 24 HR. TOTAL    0.46   07/07 TO 07/07              1.26
 STORM TOTAL       MM                                 MM
 (MM/DD(HH))            MM

DEGREE_DAYS
HEATING TOTAL       0                24     -24
 SINCE 7/1         MM                24      MM        1
COOLING TOTAL     286               131     155
 SINCE 1/1         MM               225      MM      268
.................................................................

WIND (MPH)
AVERAGE WIND SPEED              MM
HIGHEST WIND SPEED/DIRECTION    MM        DATE   MM
HIGHEST GUST SPEED/DIRECTION    MM        DATE   MM

AVERAGE RH (PERCENT)     MM

WEATHER CONDITIONS. NUMBER OF DAYS WITH
THUNDERSTORM             MM     MIXED PRECIP              MM
HEAVY RAIN               MM     RAIN                      MM
LIGHT RAIN               MM     FREEZING RAIN             MM
LT FREEZING RAIN         MM     HAIL                      MM
HEAVY SNOW               MM     SNOW                      MM
LIGHT SNOW               MM     SLEET                     MM
FOG                      MM     FOG W/VIS <= 1/4 MILE     MM
HAZE                     MM

-  INDICATES NEGATIVE NUMBERS.
R  INDICATES RECORD WAS SET OR TIED.
MM INDICATES DATA IS MISSING.
T  INDICATES TRACE AMOUNT.

$$
