000
CXUS53 KDVN 011144
CLMDVN

CLIMATE REPORT
NATIONAL WEATHER SERVICE QUAD CITIES IA IL
544 AM CST SUN NOV 01 2020

...................................

...THE DAVENPORT IA CLIMATE SUMMARY FOR THE MONTH OF OCTOBER 2020...

CLIMATE NORMAL PERIOD 1981 TO 2010
CLIMATE RECORD PERIOD 9999 TO 9999

WEATHER         OBSERVED          NORMAL  DEPART   LAST YEAR`S
                VALUE   DATE(S)   VALUE   FROM     VALUE
                                          NORMAL
..............................................................
TEMPERATURE (F)
HIGHEST           82   10/09         69      13
LOWEST            25   10/28         36     -11
AVG. MAXIMUM    60.0               62.8    -2.8
AVG. MINIMUM    37.8               40.6    -2.8
MEAN            48.9               51.7    -2.8
DAYS MAX >= 90     0
DAYS MAX <= 32     0
DAYS MIN <= 32     7
DAYS MIN <= 0      0

PRECIPITATION (INCHES)
TOTALS          2.83               2.97   -0.14
DAILY AVG.      0.09               0.10   -0.01
DAYS >= .01       11
DAYS >= .10        5
DAYS >= .50        1
DAYS >= 1.00       1
GREATEST
 24 HR. TOTAL   2.19   10/21 TO 10/22

SNOWFALL (INCHES)
TOTALS           0.7
SINCE 7/1        0.7
SNOWDEPTH AVG.     0
DAYS >= TRACE      5
DAYS >= 1.0        0
GREATEST
 SNOW DEPTH        T
 24 HR TOTAL     0.5   10/25 TO 10/26

DEGREE DAYS
HEATING TOTAL    496                425      71
 SINCE 7/1       600                559      41
COOLING TOTAL      7                 12      -5
 SINCE 1/1       956                786     170
..............................................................

WIND (MPH)
AVERAGE WIND SPEED              9.5
HIGHEST WIND SPEED/DIRECTION    29/260    DATE  10/14
                                29/210          10/17
HIGHEST GUST SPEED/DIRECTION    46/240    DATE  10/14

SKY COVER
POSSIBLE SUNSHINE (PERCENT)   MM
AVERAGE SKY COVER           0.42
NUMBER OF DAYS FAIR           16
NUMBER OF DAYS PC              7
NUMBER OF DAYS CLOUDY          8

AVERAGE RH (PERCENT)     65

WEATHER CONDITIONS. NUMBER OF DAYS WITH
THUNDERSTORM              2     HAIL                       0
SLEET                     0     FOG                       10
FOG W/VIS <= 1/4 MILE     1     HAZE                       2

-  INDICATES NEGATIVE NUMBERS.
R  INDICATES RECORD WAS SET OR TIED.
MM INDICATES DATA IS MISSING.
T  INDICATES TRACE AMOUNT.

$$

===================================================================

NOTE: SUPPLEMENTAL CLIMATE DATA WAS USED FROM A NEARBY
CLIMATOLOGICALLY REPRESENTATIVE STATION.

===================================================================

PARAMETER   DATE
---------   ----
   SNW      ALL OBSERVED SNW ABOVE
