338
CXUS53 KGID 011630
CLMEAR

CLIMATE REPORT
NATIONAL WEATHER SERVICE HASTINGS NE
1030 AM CST SUN NOV 01 2020

...................................

...THE KEARNEY CLIMATE SUMMARY FOR THE MONTH OF OCTOBER 2020...

CLIMATE NORMAL PERIOD 1981 TO 2010
CLIMATE RECORD PERIOD 1894 TO 2020

WEATHER         OBSERVED          NORMAL  DEPART   LAST YEAR`S
                VALUE   DATE(S)   VALUE   FROM     VALUE DATE(S)
                                          NORMAL
................................................................
TEMPERATURE (F)
HIGHEST           88   10/11         86       2       79  10/17
LOWEST            11   10/27         21     -10        7  10/31
AVG. MAXIMUM    62.2               64.3    -2.1     58.3
AVG. MINIMUM    36.0               37.4    -1.4     33.3
MEAN            49.1               50.9    -1.8     45.8
DAYS MAX >= 90     0                0.2    -0.2        0
DAYS MAX <= 32     2                0.3     1.7        3
DAYS MIN <= 32    10                8.3     1.7       14
DAYS MIN <= 0      0                0.0     0.0        0

PRECIPITATION (INCHES)
TOTALS            MM               2.04      MM       MM
DAILY AVG.        MM               0.07      MM       MM
DAYS >= .01       MM                6.5      MM       MM
DAYS >= .10       MM                3.5      MM       MM
DAYS >= .50       MM                1.3      MM       MM
DAYS >= 1.00      MM                0.6      MM       MM
GREATEST
 24 HR. TOTAL     MM


DEGREE DAYS
HEATING TOTAL    497                445      52      588
 SINCE 7/1       607                593      14      610
COOLING TOTAL     13                  6       7        0
 SINCE 1/1      1124                871     253     1036
................................................................

WIND (MPH)
AVERAGE WIND SPEED              11.7
HIGHEST WIND SPEED/DIRECTION    35/010    DATE  10/02
                                35/320          10/11
HIGHEST GUST SPEED/DIRECTION    MM        DATE   MM

AVERAGE RH (PERCENT)     60

WEATHER CONDITIONS. NUMBER OF DAYS WITH
THUNDERSTORM              1     MIXED PRECIP               0
HEAVY RAIN                0     RAIN                       1
LIGHT RAIN                7     FREEZING RAIN              0
LT FREEZING RAIN          0     HAIL                       0
HEAVY SNOW                0     SNOW                       0
LIGHT SNOW                3     SLEET                      0
FOG                       4     FOG W/VIS <= 1/4 MILE      0
HAZE                      2

-  INDICATES NEGATIVE NUMBERS.
R  INDICATES RECORD WAS SET OR TIED.
MM INDICATES DATA IS MISSING.
T  INDICATES TRACE AMOUNT.

&&

THE PRECIPITATION DATA SHOWN ABOVE IS RECORDED BY THE AUTOMATED
WEATHER OBSERVING SYSTEM AT THE KEARNEY AIRPORT. THE PRECIPITATION
IS DEPICTED FOR A CALENDAR DAY FROM MIDNIGHT TO MIDNIGHT. SNOWFALL
IS NOT RECORDED BY THAT SYSTEM.

THE OFFICIAL PRECIPITATION...SNOWFALL...AND SNOW DEPTH OBSERVATION
FOR KEARNEY IS RECORDED DAILY BY THE COOPERATIVE OBSERVER AT 7 AM.
THAT INFORMATION FOLLOWS...

...KEARNEY 4NE COOPERATIVE OBSERVER REPORT FOR OCTOBER 2020...

PRECIPITATION (IN)
     MONTH TO DATE......................  0.17
     YEAR TO DATE....................... 15.79

SNOWFALL (IN)
     MONTH TO DATE......................  2.0
     SEASONAL TOTAL (SINCE JULY 1ST)....  2.0

$$
